{"id":967,"date":"2025-03-05T09:47:14","date_gmt":"2025-03-05T14:47:14","guid":{"rendered":"http:\/\/172.16.1.1\/tienda\/?post_type=product&#038;p=967"},"modified":"2025-05-27T14:53:49","modified_gmt":"2025-05-27T19:53:49","slug":"supresor-de-picos-airmatic-120vac-15a-powest","status":"publish","type":"product","link":"https:\/\/ctsaul.com\/tienda\/producto\/supresor-de-picos-airmatic-120vac-15a-powest\/","title":{"rendered":"SUPRESOR DE PICOS AIRMATIC 120VAC &#8211; 15A POWEST"},"content":{"rendered":"<h3><strong>Caracter\u00edsticas T\u00e9cnicas Del Protector:<\/strong><\/h3>\n<p>Modelo AIRMATIC 120<br \/>\nCapacidad: 1800 W<br \/>\nCapacidad: 15 A<br \/>\nAplicaciones: Protector de voltaje aire acondicionado 120V hasta 12.000BTU<\/p>\n<p><strong>Caracter\u00edsticas de entrada Voltaje<\/strong><br \/>\nRango correcto de operaci\u00f3n entre 90 AC a 140 VAC<br \/>\nFrecuencia: 60 Hz<br \/>\nConexi\u00f3n: NEMA 6-20P<\/p>\n<p><strong>Caracter\u00edsticas de salida<\/strong><br \/>\nVoltaje: Igual al rango correcto de operaci\u00f3n una vez a superado al periodo de temporalizaci\u00f3n<br \/>\nFrecuencia: 60 Hz<br \/>\nToma: NEMA 5-15R<br \/>\nTipo de onda de salida: Sinusoidal<br \/>\nTiempo de respuesta: 1s<\/p>\n<p><strong>Indicadores<\/strong><br \/>\nModo Normal: LED indicador verde<br \/>\nTemporizado: 4 min LED indicador amarillo<br \/>\nDetecci\u00f3n voltaje Bajo: LED indicador Rojo voltaje inferior a 90 VAC<br \/>\nDetecci\u00f3n voltaje Alto: LED indicador Rojo voltaje superior a 140 VAC<\/p>\n<p><strong>Otras caracter\u00edsticas<\/strong><br \/>\nProtecciones Des-conexi\u00f3n de la carga durante 4 minutos por sobre voltajes, mini cortes de energ\u00eda, Voltajes bajos y apagones.<br \/>\nGarant\u00eda 36 meses<br \/>\nCertificaci\u00f3n RETIE<\/p>\n","protected":false},"excerpt":{"rendered":"<p>Caracter\u00edsticas T\u00e9cnicas Del Protector: Modelo AIRMATIC 120 Capacidad: 1800 W Capacidad: 15 A Aplicaciones: Protector de voltaje aire acondicionado 120V hasta 12.000BTU Caracter\u00edsticas de entrada Voltaje Rango correcto de operaci\u00f3n entre 90 AC a 140 VAC Frecuencia: 60 Hz Conexi\u00f3n: NEMA 6-20P Caracter\u00edsticas de salida Voltaje: Igual al rango correcto de operaci\u00f3n una vez a &hellip;<\/p>\n<p class=\"read-more\"> <a class=\" thunk-readmore button \" href=\"https:\/\/ctsaul.com\/tienda\/producto\/supresor-de-picos-airmatic-120vac-15a-powest\/\"> <span class=\"screen-reader-text\">SUPRESOR DE PICOS AIRMATIC 120VAC &#8211; 15A POWEST<\/span>Leer m\u00e1s<\/a><\/p>\n","protected":false},"featured_media":968,"comment_status":"open","ping_status":"closed","template":"","meta":[],"product_brand":[121],"product_cat":[143,144],"product_tag":[],"class_list":{"0":"post-967","1":"product","2":"type-product","3":"status-publish","4":"has-post-thumbnail","6":"product_brand-powest","7":"product_cat-regulador-elevador-supresor","8":"product_cat-supresor-de-picos","9":"thunk-woo-product-list","10":"opn-qv-enable","11":"big-store-woo-hover-zoom","12":"open-single-product-tab-horizontal","13":"open-shadow-","14":"open-shadow-hover-","16":"first","17":"instock","18":"sale","19":"taxable","20":"shipping-taxable","21":"purchasable","22":"product-type-simple"},"_links":{"self":[{"href":"https:\/\/ctsaul.com\/tienda\/wp-json\/wp\/v2\/product\/967","targetHints":{"allow":["GET"]}}],"collection":[{"href":"https:\/\/ctsaul.com\/tienda\/wp-json\/wp\/v2\/product"}],"about":[{"href":"https:\/\/ctsaul.com\/tienda\/wp-json\/wp\/v2\/types\/product"}],"replies":[{"embeddable":true,"href":"https:\/\/ctsaul.com\/tienda\/wp-json\/wp\/v2\/comments?post=967"}],"wp:featuredmedia":[{"embeddable":true,"href":"https:\/\/ctsaul.com\/tienda\/wp-json\/wp\/v2\/media\/968"}],"wp:attachment":[{"href":"https:\/\/ctsaul.com\/tienda\/wp-json\/wp\/v2\/media?parent=967"}],"wp:term":[{"taxonomy":"product_brand","embeddable":true,"href":"https:\/\/ctsaul.com\/tienda\/wp-json\/wp\/v2\/product_brand?post=967"},{"taxonomy":"product_cat","embeddable":true,"href":"https:\/\/ctsaul.com\/tienda\/wp-json\/wp\/v2\/product_cat?post=967"},{"taxonomy":"product_tag","embeddable":true,"href":"https:\/\/ctsaul.com\/tienda\/wp-json\/wp\/v2\/product_tag?post=967"}],"curies":[{"name":"wp","href":"https:\/\/api.w.org\/{rel}","templated":true}]}}