{"id":963,"date":"2025-03-05T09:26:49","date_gmt":"2025-03-05T14:26:49","guid":{"rendered":"http:\/\/172.16.1.1\/tienda\/?post_type=product&#038;p=963"},"modified":"2025-05-27T14:54:10","modified_gmt":"2025-05-27T19:54:10","slug":"supresor-de-picos-refrimatic-powest","status":"publish","type":"product","link":"https:\/\/ctsaul.com\/tienda\/producto\/supresor-de-picos-refrimatic-powest\/","title":{"rendered":"SUPRESOR DE PICOS REFRIMATIC POWEST"},"content":{"rendered":"<h3>ESPECIFICACIONES TECNICAS REFRIMATIC<\/h3>\n<ul class=\"i8Z77e\">\n<li class=\"TrT0Xe\">Protecci\u00f3n para neveras de hasta 823 cm.<\/li>\n<li class=\"TrT0Xe\">Protecci\u00f3n contra alto y bajo voltaje.<\/li>\n<li class=\"TrT0Xe\">Capacidad: 1200 Vatios.<\/li>\n<li class=\"TrT0Xe\">Tiempo de Detecci\u00f3n de Falla: 1 Segundo.<\/li>\n<li class=\"TrT0Xe\">Rango de Condici\u00f3n Normal: 100 &#8211; 130 VAC.<\/li>\n<li class=\"TrT0Xe\">Tiempo de Restablecimiento: 4 Minutos Aprox.<\/li>\n<li class=\"TrT0Xe\">Capacidad de Carga M\u00e1xima: 10 Amperios a 120 Voltios.<\/li>\n<\/ul>\n","protected":false},"excerpt":{"rendered":"<p>ESPECIFICACIONES TECNICAS REFRIMATIC Protecci\u00f3n para neveras de hasta 823 cm. Protecci\u00f3n contra alto y bajo voltaje. Capacidad: 1200 Vatios. Tiempo de Detecci\u00f3n de Falla: 1 Segundo. Rango de Condici\u00f3n Normal: 100 &#8211; 130 VAC. Tiempo de Restablecimiento: 4 Minutos Aprox. Capacidad de Carga M\u00e1xima: 10 Amperios a 120 Voltios.<\/p>\n","protected":false},"featured_media":964,"comment_status":"open","ping_status":"closed","template":"","meta":[],"product_brand":[121],"product_cat":[143,144],"product_tag":[],"class_list":{"0":"post-963","1":"product","2":"type-product","3":"status-publish","4":"has-post-thumbnail","6":"product_brand-powest","7":"product_cat-regulador-elevador-supresor","8":"product_cat-supresor-de-picos","9":"thunk-woo-product-list","10":"opn-qv-enable","11":"big-store-woo-hover-zoom","12":"open-single-product-tab-horizontal","13":"open-shadow-","14":"open-shadow-hover-","16":"first","17":"instock","18":"sale","19":"taxable","20":"shipping-taxable","21":"purchasable","22":"product-type-simple"},"_links":{"self":[{"href":"https:\/\/ctsaul.com\/tienda\/wp-json\/wp\/v2\/product\/963","targetHints":{"allow":["GET"]}}],"collection":[{"href":"https:\/\/ctsaul.com\/tienda\/wp-json\/wp\/v2\/product"}],"about":[{"href":"https:\/\/ctsaul.com\/tienda\/wp-json\/wp\/v2\/types\/product"}],"replies":[{"embeddable":true,"href":"https:\/\/ctsaul.com\/tienda\/wp-json\/wp\/v2\/comments?post=963"}],"wp:featuredmedia":[{"embeddable":true,"href":"https:\/\/ctsaul.com\/tienda\/wp-json\/wp\/v2\/media\/964"}],"wp:attachment":[{"href":"https:\/\/ctsaul.com\/tienda\/wp-json\/wp\/v2\/media?parent=963"}],"wp:term":[{"taxonomy":"product_brand","embeddable":true,"href":"https:\/\/ctsaul.com\/tienda\/wp-json\/wp\/v2\/product_brand?post=963"},{"taxonomy":"product_cat","embeddable":true,"href":"https:\/\/ctsaul.com\/tienda\/wp-json\/wp\/v2\/product_cat?post=963"},{"taxonomy":"product_tag","embeddable":true,"href":"https:\/\/ctsaul.com\/tienda\/wp-json\/wp\/v2\/product_tag?post=963"}],"curies":[{"name":"wp","href":"https:\/\/api.w.org\/{rel}","templated":true}]}}