{"id":930,"date":"2025-03-03T14:16:10","date_gmt":"2025-03-03T19:16:10","guid":{"rendered":"http:\/\/172.16.1.1\/tienda\/?post_type=product&#038;p=930"},"modified":"2025-05-27T15:09:45","modified_gmt":"2025-05-27T20:09:45","slug":"parlantes-sp-hf180-genius","status":"publish","type":"product","link":"https:\/\/ctsaul.com\/tienda\/producto\/parlantes-sp-hf180-genius\/","title":{"rendered":"PARLANTES SP HF180 GENIUS"},"content":{"rendered":"<h3>CARACTERISTICAS<\/h3>\n<ul>\n<li>Caja de madera para un sonido perfecto<\/li>\n<li>Potencia de 6W<\/li>\n<li>Amplia compatibilidad con cualquier dispositivo con conector de audio de 3.5mm<\/li>\n<li>Operaci\u00f3n simple<\/li>\n<li>Control de volumen de f\u00e1cil acceso<\/li>\n<li>\n<div id=\"collapseTwo\" class=\"accordion-collapse collapse show\" aria-labelledby=\"headingTwo\" data-bs-parent=\"#accordionExample\">\n<div class=\"accordion-body editor-area spec-item\">\n<h3>ESPECIFICACIONES<\/h3>\n<ul>\n<li>Enchufe USB para computadoras port\u00e1tiles o de escritorio<\/li>\n<\/ul>\n<h6>Entrada de audio<\/h6>\n<ul>\n<li>3.5 mm<\/li>\n<\/ul>\n<h6>Potencia total de salida (\uff37)<\/h6>\n<ul>\n<li>6 W (3 W x2)<\/li>\n<\/ul>\n<h6>Unidad de controlador<\/h6>\n<ul>\n<li>2 pulgada<\/li>\n<\/ul>\n<h6>Respuesta frecuente<\/h6>\n<ul>\n<li>160 Hz \u2013 18 kHz<\/li>\n<\/ul>\n<h6>Control del volumen<\/h6>\n<ul>\n<li>S\u00cd<\/li>\n<\/ul>\n<h6>Longitud del cable (m)<\/h6>\n<ul>\n<li>1.2 m<\/li>\n<\/ul>\n<h6>Otro<\/h6>\n<ul>\n<li>&#8211;<\/li>\n<\/ul>\n<h6>Peso (g)<\/h6>\n<ul>\n<li>Aprox. 644 g<\/li>\n<\/ul>\n<h6>Dimensiones (L x A x P) mm (pulgadas)<\/h6>\n<h6>Requisitos del sistema<\/h6>\n<ul>\n<li>Funciona con una entrada de 0,14 in (3,5 mm) que incluye un reproductor de m\u00fasica de televisi\u00f3n, computadora, tel\u00e9fono inteligente y tableta.<\/li>\n<\/ul>\n<h6>Colores<\/h6>\n<h6><span style=\"font-size: 16px;\">Madera \/ Negro<\/span><\/h6>\n<\/div>\n<\/div>\n<\/li>\n<\/ul>\n","protected":false},"excerpt":{"rendered":"<p>CARACTERISTICAS Caja de madera para un sonido perfecto Potencia de 6W Amplia compatibilidad con cualquier dispositivo con conector de audio de 3.5mm Operaci\u00f3n simple Control de volumen de f\u00e1cil acceso ESPECIFICACIONES Enchufe USB para computadoras port\u00e1tiles o de escritorio Entrada de audio 3.5 mm Potencia total de salida (\uff37) 6 W (3 W x2) Unidad &hellip;<\/p>\n<p class=\"read-more\"> <a class=\" thunk-readmore button \" href=\"https:\/\/ctsaul.com\/tienda\/producto\/parlantes-sp-hf180-genius\/\"> <span class=\"screen-reader-text\">PARLANTES SP HF180 GENIUS<\/span>Leer m\u00e1s<\/a><\/p>\n","protected":false},"featured_media":931,"comment_status":"open","ping_status":"closed","template":"","meta":[],"product_brand":[24],"product_cat":[18,135],"product_tag":[],"class_list":{"0":"post-930","1":"product","2":"type-product","3":"status-publish","4":"has-post-thumbnail","6":"product_brand-genius","7":"product_cat-accesoriospcyportatil","8":"product_cat-parlantes","9":"thunk-woo-product-list","10":"opn-qv-enable","11":"big-store-woo-hover-zoom","12":"open-single-product-tab-horizontal","13":"open-shadow-","14":"open-shadow-hover-","16":"first","17":"instock","18":"sale","19":"taxable","20":"shipping-taxable","21":"purchasable","22":"product-type-simple"},"_links":{"self":[{"href":"https:\/\/ctsaul.com\/tienda\/wp-json\/wp\/v2\/product\/930","targetHints":{"allow":["GET"]}}],"collection":[{"href":"https:\/\/ctsaul.com\/tienda\/wp-json\/wp\/v2\/product"}],"about":[{"href":"https:\/\/ctsaul.com\/tienda\/wp-json\/wp\/v2\/types\/product"}],"replies":[{"embeddable":true,"href":"https:\/\/ctsaul.com\/tienda\/wp-json\/wp\/v2\/comments?post=930"}],"wp:featuredmedia":[{"embeddable":true,"href":"https:\/\/ctsaul.com\/tienda\/wp-json\/wp\/v2\/media\/931"}],"wp:attachment":[{"href":"https:\/\/ctsaul.com\/tienda\/wp-json\/wp\/v2\/media?parent=930"}],"wp:term":[{"taxonomy":"product_brand","embeddable":true,"href":"https:\/\/ctsaul.com\/tienda\/wp-json\/wp\/v2\/product_brand?post=930"},{"taxonomy":"product_cat","embeddable":true,"href":"https:\/\/ctsaul.com\/tienda\/wp-json\/wp\/v2\/product_cat?post=930"},{"taxonomy":"product_tag","embeddable":true,"href":"https:\/\/ctsaul.com\/tienda\/wp-json\/wp\/v2\/product_tag?post=930"}],"curies":[{"name":"wp","href":"https:\/\/api.w.org\/{rel}","templated":true}]}}