{"id":921,"date":"2025-03-03T10:53:05","date_gmt":"2025-03-03T15:53:05","guid":{"rendered":"http:\/\/172.16.1.1\/tienda\/?post_type=product&#038;p=921"},"modified":"2025-05-27T15:10:40","modified_gmt":"2025-05-27T20:10:40","slug":"lector-de-codigo-alambrico-ld101r-sat","status":"publish","type":"product","link":"https:\/\/ctsaul.com\/tienda\/producto\/lector-de-codigo-alambrico-ld101r-sat\/","title":{"rendered":"LECTOR DE CODIGO ALAMBRICO LD101R SAT"},"content":{"rendered":"<h2 class=\"ui-pdp-description__title\" data-testid=\"title\">Descripci\u00f3n<\/h2>\n<ul>\n<li class=\"ui-pdp-description__content\" data-testid=\"content\">El LD101R PLUS es un lector de c\u00f3digos de barras dise\u00f1ado para ofrecer rendimiento y funcionalidad a un precio asequible. Ideal para cualquier tipo de negocio, este esc\u00e1ner combina durabilidad, eficiencia y facilidad de uso, garantizando un valor excepcional para los clientes que buscan optimizar sus operaciones diarias.<\/li>\n<li class=\"ui-pdp-description__content\" data-testid=\"content\">3 modos de uso:<br \/>\nManual: Activado al presionar el gatillo.<br \/>\nContinuo: El lector permanece encendido para escaneo constante.<br \/>\nAutom\u00e1tico: Detecta y escanea al acercar el c\u00f3digo al lector.<\/li>\n<li class=\"ui-pdp-description__content\" data-testid=\"content\">Alta Velocidad de Lectura:<br \/>\nEscanea hasta 300 c\u00f3digos por segundo, aumentando la eficiencia en entornos de trabajo din\u00e1micos.<\/li>\n<li class=\"ui-pdp-description__content\" data-testid=\"content\">Tecnolog\u00eda L\u00e1ser Lineal:<br \/>\nDecodifica c\u00f3digos 1D con precisi\u00f3n y rapidez.<\/li>\n<li class=\"ui-pdp-description__content\" data-testid=\"content\">Durabilidad industrial:<br \/>\nGrado de protecci\u00f3n IP65 para resistir polvo y salpicaduras.<\/li>\n<li class=\"ui-pdp-description__content\" data-testid=\"content\">Soporta ca\u00eddas de hasta 3 metros , ideal para ambientes exigentes.<\/li>\n<li class=\"ui-pdp-description__content\" data-testid=\"content\">F\u00e1cil conexi\u00f3n:<br \/>\nInterfaz USB para una integraci\u00f3n sencilla y r\u00e1pida con cualquier sistema de punto de venta o software de inventarios.<\/li>\n<li class=\"ui-pdp-description__content\" data-testid=\"content\">Dise\u00f1o Ergon\u00f3mico: Incluye base para reposo, cable USB y gatillo para un manejo c\u00f3modo.<\/li>\n<\/ul>\n","protected":false},"excerpt":{"rendered":"<p>Descripci\u00f3n El LD101R PLUS es un lector de c\u00f3digos de barras dise\u00f1ado para ofrecer rendimiento y funcionalidad a un precio asequible. Ideal para cualquier tipo de negocio, este esc\u00e1ner combina durabilidad, eficiencia y facilidad de uso, garantizando un valor excepcional para los clientes que buscan optimizar sus operaciones diarias. 3 modos de uso: Manual: Activado &hellip;<\/p>\n<p class=\"read-more\"> <a class=\" thunk-readmore button \" href=\"https:\/\/ctsaul.com\/tienda\/producto\/lector-de-codigo-alambrico-ld101r-sat\/\"> <span class=\"screen-reader-text\">LECTOR DE CODIGO ALAMBRICO LD101R SAT<\/span>Leer m\u00e1s<\/a><\/p>\n","protected":false},"featured_media":922,"comment_status":"open","ping_status":"closed","template":"","meta":[],"product_brand":[30],"product_cat":[18,138],"product_tag":[],"class_list":{"0":"post-921","1":"product","2":"type-product","3":"status-publish","4":"has-post-thumbnail","6":"product_brand-sat","7":"product_cat-accesoriospcyportatil","8":"product_cat-lector-de-codigo","9":"thunk-woo-product-list","10":"opn-qv-enable","11":"big-store-woo-hover-zoom","12":"open-single-product-tab-horizontal","13":"open-shadow-","14":"open-shadow-hover-","16":"first","17":"instock","18":"sale","19":"taxable","20":"shipping-taxable","21":"purchasable","22":"product-type-simple"},"_links":{"self":[{"href":"https:\/\/ctsaul.com\/tienda\/wp-json\/wp\/v2\/product\/921","targetHints":{"allow":["GET"]}}],"collection":[{"href":"https:\/\/ctsaul.com\/tienda\/wp-json\/wp\/v2\/product"}],"about":[{"href":"https:\/\/ctsaul.com\/tienda\/wp-json\/wp\/v2\/types\/product"}],"replies":[{"embeddable":true,"href":"https:\/\/ctsaul.com\/tienda\/wp-json\/wp\/v2\/comments?post=921"}],"wp:featuredmedia":[{"embeddable":true,"href":"https:\/\/ctsaul.com\/tienda\/wp-json\/wp\/v2\/media\/922"}],"wp:attachment":[{"href":"https:\/\/ctsaul.com\/tienda\/wp-json\/wp\/v2\/media?parent=921"}],"wp:term":[{"taxonomy":"product_brand","embeddable":true,"href":"https:\/\/ctsaul.com\/tienda\/wp-json\/wp\/v2\/product_brand?post=921"},{"taxonomy":"product_cat","embeddable":true,"href":"https:\/\/ctsaul.com\/tienda\/wp-json\/wp\/v2\/product_cat?post=921"},{"taxonomy":"product_tag","embeddable":true,"href":"https:\/\/ctsaul.com\/tienda\/wp-json\/wp\/v2\/product_tag?post=921"}],"curies":[{"name":"wp","href":"https:\/\/api.w.org\/{rel}","templated":true}]}}