{"id":891,"date":"2025-02-28T17:06:59","date_gmt":"2025-02-28T22:06:59","guid":{"rendered":"http:\/\/172.16.1.1\/tienda\/?post_type=product&#038;p=891"},"modified":"2026-04-23T09:38:14","modified_gmt":"2026-04-23T14:38:14","slug":"calculadora-fx-350ms-casio-cientifica","status":"publish","type":"product","link":"https:\/\/ctsaul.com\/tienda\/producto\/calculadora-fx-350ms-casio-cientifica\/","title":{"rendered":"CALCULADORA FX-350MS CASIO CIENTIFICA"},"content":{"rendered":"<ul>\n<li>\n<h4>Caracter\u00edsticas<\/h4>\n<\/li>\n<li>C\u00e1lculos fraccionarios<\/li>\n<li>Combinaci\u00f3n y permutaci\u00f3n<\/li>\n<li>Estad\u00edsticas (editor de datos STAT, desviaci\u00f3n est\u00e1ndar, an\u00e1lisis de regresi\u00f3n)<\/li>\n<li>9 variables<\/li>\n<li>Viene con un estuche duro deslizable<\/li>\n<li>\n<h4>Especificaciones<\/h4>\n<\/li>\n<li>Cantidad de funciones: 240<\/li>\n<li>LR44 \u00d7 1<\/li>\n<li>10 + 2 d\u00edgitos<\/li>\n<li>Visualizaci\u00f3n de mantisa de 10 d\u00edgitos + exponente de 2 d\u00edgitos.<\/li>\n<li>Presentaci\u00f3n de matriz de puntos<\/li>\n<li>Pantalla de alta resoluci\u00f3n<\/li>\n<li>Porcentaje regular<\/li>\n<li>C\u00e1lculos de porcentaje regular.<\/li>\n<li>Funci\u00f3n de reproducci\u00f3n m\u00faltiple<\/li>\n<li>Llamada r\u00e1pida y f\u00e1cil de las f\u00f3rmulas ejecutadas previamente para la edici\u00f3n y repetici\u00f3n de ejecuci\u00f3n.<\/li>\n<li>Teclas pl\u00e1sticas<\/li>\n<li>Dise\u00f1adas y preparadas para ser de uso f\u00e1cil.<\/li>\n<li>S-V.P.A.M. (M\u00e9todo algebraico con perfecta s\u00faper visualizaci\u00f3n)<\/li>\n<li>\u00c9sta le brinda todas las caracter\u00edsticas de la serie V.P.A.M. existente, m\u00e1s una nueva visualizaci\u00f3n de 2<\/li>\n<li>l\u00edneas y una \u00fatil funci\u00f3n de reproducci\u00f3n repetida. Todo esto hace que la matem\u00e1tica sea m\u00e1s f\u00e1cil de aplicar y comprender que nunca antes.<\/li>\n<li>Editor de datos STAT<\/li>\n<li>Edici\u00f3n y visualizaci\u00f3n en retroceso de los datos.<\/li>\n<\/ul>\n","protected":false},"excerpt":{"rendered":"<p>Caracter\u00edsticas C\u00e1lculos fraccionarios Combinaci\u00f3n y permutaci\u00f3n Estad\u00edsticas (editor de datos STAT, desviaci\u00f3n est\u00e1ndar, an\u00e1lisis de regresi\u00f3n) 9 variables Viene con un estuche duro deslizable Especificaciones Cantidad de funciones: 240 LR44 \u00d7 1 10 + 2 d\u00edgitos Visualizaci\u00f3n de mantisa de 10 d\u00edgitos + exponente de 2 d\u00edgitos. Presentaci\u00f3n de matriz de puntos Pantalla de alta &hellip;<\/p>\n<p class=\"read-more\"> <a class=\" thunk-readmore button \" href=\"https:\/\/ctsaul.com\/tienda\/producto\/calculadora-fx-350ms-casio-cientifica\/\"> <span class=\"screen-reader-text\">CALCULADORA FX-350MS CASIO CIENTIFICA<\/span>Leer m\u00e1s<\/a><\/p>\n","protected":false},"featured_media":892,"comment_status":"open","ping_status":"closed","template":"","meta":[],"product_brand":[131],"product_cat":[132,133],"product_tag":[],"class_list":{"0":"post-891","1":"product","2":"type-product","3":"status-publish","4":"has-post-thumbnail","6":"product_brand-casio","7":"product_cat-calculadoras","8":"product_cat-calculadoras-cientificas","9":"thunk-woo-product-list","10":"opn-qv-enable","11":"big-store-woo-hover-zoom","12":"open-single-product-tab-horizontal","13":"open-shadow-","14":"open-shadow-hover-","16":"first","17":"instock","18":"sale","19":"taxable","20":"shipping-taxable","21":"purchasable","22":"product-type-simple"},"_links":{"self":[{"href":"https:\/\/ctsaul.com\/tienda\/wp-json\/wp\/v2\/product\/891","targetHints":{"allow":["GET"]}}],"collection":[{"href":"https:\/\/ctsaul.com\/tienda\/wp-json\/wp\/v2\/product"}],"about":[{"href":"https:\/\/ctsaul.com\/tienda\/wp-json\/wp\/v2\/types\/product"}],"replies":[{"embeddable":true,"href":"https:\/\/ctsaul.com\/tienda\/wp-json\/wp\/v2\/comments?post=891"}],"wp:featuredmedia":[{"embeddable":true,"href":"https:\/\/ctsaul.com\/tienda\/wp-json\/wp\/v2\/media\/892"}],"wp:attachment":[{"href":"https:\/\/ctsaul.com\/tienda\/wp-json\/wp\/v2\/media?parent=891"}],"wp:term":[{"taxonomy":"product_brand","embeddable":true,"href":"https:\/\/ctsaul.com\/tienda\/wp-json\/wp\/v2\/product_brand?post=891"},{"taxonomy":"product_cat","embeddable":true,"href":"https:\/\/ctsaul.com\/tienda\/wp-json\/wp\/v2\/product_cat?post=891"},{"taxonomy":"product_tag","embeddable":true,"href":"https:\/\/ctsaul.com\/tienda\/wp-json\/wp\/v2\/product_tag?post=891"}],"curies":[{"name":"wp","href":"https:\/\/api.w.org\/{rel}","templated":true}]}}