{"id":80,"date":"2025-02-17T16:40:37","date_gmt":"2025-02-17T21:40:37","guid":{"rendered":"http:\/\/172.16.1.1\/tienda\/?post_type=product&#038;p=80"},"modified":"2025-03-28T11:14:53","modified_gmt":"2025-03-28T16:14:53","slug":"teclado-alambrico-ergo-kb-700-genius","status":"publish","type":"product","link":"https:\/\/ctsaul.com\/tienda\/producto\/teclado-alambrico-ergo-kb-700-genius\/","title":{"rendered":"TECLADO AL\u00c1MBRICO ERGO KB-700 GENIUS"},"content":{"rendered":"<p><img decoding=\"async\" src=\"https:\/\/download.geniusnet.com\/web-image\/Product\/Genius\/02_Genius_Keyboards\/\/Ergo-KB-700\/Ergo-KB-700_ICON_ESP.png\" \/><\/p>\n<ul>\n<li>Teclado ergon\u00f3mico con reposamu\u00f1ecas<\/li>\n<li>Ergon\u00f3migo con dise\u00f1o ondulado y curvado para una escritura natural<\/li>\n<li>Tecla AI para activar el asistente Copilot (para Windows 11 o superior)<\/li>\n<li>Reposamu\u00f1ecas que soporta los antebrazos y los dedos para mayor comodidad<\/li>\n<li>Patas de inclinaci\u00f3n plegables que brindan m\u00e1s soporte a los codos y mu\u00f1ecas<\/li>\n<li>Teclas de uso frecuente para medios y computadora<\/li>\n<\/ul>\n","protected":false},"excerpt":{"rendered":"<p>Teclado ergon\u00f3mico con reposamu\u00f1ecas Ergon\u00f3migo con dise\u00f1o ondulado y curvado para una escritura natural Tecla AI para activar el asistente Copilot (para Windows 11 o superior) Reposamu\u00f1ecas que soporta los antebrazos y los dedos para mayor comodidad Patas de inclinaci\u00f3n plegables que brindan m\u00e1s soporte a los codos y mu\u00f1ecas Teclas de uso frecuente para &hellip;<\/p>\n<p class=\"read-more\"> <a class=\" thunk-readmore button \" href=\"https:\/\/ctsaul.com\/tienda\/producto\/teclado-alambrico-ergo-kb-700-genius\/\"> <span class=\"screen-reader-text\">TECLADO AL\u00c1MBRICO ERGO KB-700 GENIUS<\/span>Leer m\u00e1s<\/a><\/p>\n","protected":false},"featured_media":81,"comment_status":"open","ping_status":"closed","template":"","meta":[],"product_brand":[24],"product_cat":[18,21],"product_tag":[],"class_list":{"0":"post-80","1":"product","2":"type-product","3":"status-publish","4":"has-post-thumbnail","6":"product_brand-genius","7":"product_cat-accesoriospcyportatil","8":"product_cat-teclados","9":"thunk-woo-product-list","10":"opn-qv-enable","11":"big-store-woo-hover-zoom","12":"open-single-product-tab-horizontal","13":"open-shadow-","14":"open-shadow-hover-","16":"first","17":"instock","18":"sale","19":"taxable","20":"shipping-taxable","21":"purchasable","22":"product-type-simple"},"_links":{"self":[{"href":"https:\/\/ctsaul.com\/tienda\/wp-json\/wp\/v2\/product\/80","targetHints":{"allow":["GET"]}}],"collection":[{"href":"https:\/\/ctsaul.com\/tienda\/wp-json\/wp\/v2\/product"}],"about":[{"href":"https:\/\/ctsaul.com\/tienda\/wp-json\/wp\/v2\/types\/product"}],"replies":[{"embeddable":true,"href":"https:\/\/ctsaul.com\/tienda\/wp-json\/wp\/v2\/comments?post=80"}],"wp:featuredmedia":[{"embeddable":true,"href":"https:\/\/ctsaul.com\/tienda\/wp-json\/wp\/v2\/media\/81"}],"wp:attachment":[{"href":"https:\/\/ctsaul.com\/tienda\/wp-json\/wp\/v2\/media?parent=80"}],"wp:term":[{"taxonomy":"product_brand","embeddable":true,"href":"https:\/\/ctsaul.com\/tienda\/wp-json\/wp\/v2\/product_brand?post=80"},{"taxonomy":"product_cat","embeddable":true,"href":"https:\/\/ctsaul.com\/tienda\/wp-json\/wp\/v2\/product_cat?post=80"},{"taxonomy":"product_tag","embeddable":true,"href":"https:\/\/ctsaul.com\/tienda\/wp-json\/wp\/v2\/product_tag?post=80"}],"curies":[{"name":"wp","href":"https:\/\/api.w.org\/{rel}","templated":true}]}}