{"id":520,"date":"2025-02-21T16:04:39","date_gmt":"2025-02-21T21:04:39","guid":{"rendered":"http:\/\/172.16.1.1\/tienda\/?post_type=product&#038;p=520"},"modified":"2026-04-23T09:13:21","modified_gmt":"2026-04-23T14:13:21","slug":"memoria-ram-ddr4-8gb-pc-3200mhz-adata","status":"publish","type":"product","link":"https:\/\/ctsaul.com\/tienda\/producto\/memoria-ram-ddr4-8gb-pc-3200mhz-adata\/","title":{"rendered":"MEMORIA RAM DDR4 8GB PC 3200MHZ ADATA"},"content":{"rendered":"<ul>\n<li>Compatible con las series 8\u00aa \/9\u00aa\/10\u00aa de Intel\u00ae Core\u2122 y 2\u00aa y 3\u00aa AMD\u00ae ZEN Ryzen\u2122 series*<\/li>\n<li>Nuestra memoria DDR4 tambi\u00e9n est\u00e1 optimizada para liberar la potencia de los procesadores Intel\/AMD m\u00e1s recientes.<\/li>\n<li>Cumple los exigentes est\u00e1ndares de las plataformas de nueva generaci\u00f3n.<\/li>\n<li>DDR4 ofrece m\u00faltiples ventajas sobre generaciones anteriores DRAM.<\/li>\n<li>ADATA DDR4 8GB 3200 Pc AD4U32008G22-SGN, ofrece la m\u00e1s alta calidad y el rendimiento m\u00e1s r\u00e1pido.<\/li>\n<li>Nuestros m\u00f3dulos de memoria SO-DIMM DDR4 3200 Premier para port\u00e1tiles llegan con 8GB a 32GB para una actualizaci\u00f3n r\u00e1pida y f\u00e1cil en cualquier port\u00e1til compatible.<\/li>\n<li>\u00a0Ofrecen transferencias de datos m\u00e1s r\u00e1pidas que DDR3, adem\u00e1s de un menor consumo energ\u00e9tico que reduce el calor y aumenta la duraci\u00f3n de la bater\u00eda.<\/li>\n<\/ul>\n","protected":false},"excerpt":{"rendered":"<p>Compatible con las series 8\u00aa \/9\u00aa\/10\u00aa de Intel\u00ae Core\u2122 y 2\u00aa y 3\u00aa AMD\u00ae ZEN Ryzen\u2122 series* Nuestra memoria DDR4 tambi\u00e9n est\u00e1 optimizada para liberar la potencia de los procesadores Intel\/AMD m\u00e1s recientes. Cumple los exigentes est\u00e1ndares de las plataformas de nueva generaci\u00f3n. DDR4 ofrece m\u00faltiples ventajas sobre generaciones anteriores DRAM. ADATA DDR4 8GB 3200 &hellip;<\/p>\n<p class=\"read-more\"> <a class=\" thunk-readmore button \" href=\"https:\/\/ctsaul.com\/tienda\/producto\/memoria-ram-ddr4-8gb-pc-3200mhz-adata\/\"> <span class=\"screen-reader-text\">MEMORIA RAM DDR4 8GB PC 3200MHZ ADATA<\/span>Leer m\u00e1s<\/a><\/p>\n","protected":false},"featured_media":522,"comment_status":"open","ping_status":"closed","template":"","meta":[],"product_brand":[40],"product_cat":[27,38],"product_tag":[],"class_list":{"0":"post-520","1":"product","2":"type-product","3":"status-publish","4":"has-post-thumbnail","6":"product_brand-adata","7":"product_cat-memorias-de-almacenamiento","8":"product_cat-memorias-de-almacenamiento-memorias-de-almacenamiento-8","9":"thunk-woo-product-list","10":"opn-qv-enable","11":"big-store-woo-hover-zoom","12":"open-single-product-tab-horizontal","13":"open-shadow-","14":"open-shadow-hover-","16":"first","17":"instock","18":"sale","19":"taxable","20":"shipping-taxable","21":"purchasable","22":"product-type-simple"},"_links":{"self":[{"href":"https:\/\/ctsaul.com\/tienda\/wp-json\/wp\/v2\/product\/520","targetHints":{"allow":["GET"]}}],"collection":[{"href":"https:\/\/ctsaul.com\/tienda\/wp-json\/wp\/v2\/product"}],"about":[{"href":"https:\/\/ctsaul.com\/tienda\/wp-json\/wp\/v2\/types\/product"}],"replies":[{"embeddable":true,"href":"https:\/\/ctsaul.com\/tienda\/wp-json\/wp\/v2\/comments?post=520"}],"wp:featuredmedia":[{"embeddable":true,"href":"https:\/\/ctsaul.com\/tienda\/wp-json\/wp\/v2\/media\/522"}],"wp:attachment":[{"href":"https:\/\/ctsaul.com\/tienda\/wp-json\/wp\/v2\/media?parent=520"}],"wp:term":[{"taxonomy":"product_brand","embeddable":true,"href":"https:\/\/ctsaul.com\/tienda\/wp-json\/wp\/v2\/product_brand?post=520"},{"taxonomy":"product_cat","embeddable":true,"href":"https:\/\/ctsaul.com\/tienda\/wp-json\/wp\/v2\/product_cat?post=520"},{"taxonomy":"product_tag","embeddable":true,"href":"https:\/\/ctsaul.com\/tienda\/wp-json\/wp\/v2\/product_tag?post=520"}],"curies":[{"name":"wp","href":"https:\/\/api.w.org\/{rel}","templated":true}]}}