{"id":2391,"date":"2026-04-25T10:18:49","date_gmt":"2026-04-25T15:18:49","guid":{"rendered":"https:\/\/ctsaul.com\/tienda\/?post_type=product&#038;p=2391"},"modified":"2026-04-25T10:24:07","modified_gmt":"2026-04-25T15:24:07","slug":"epson-544-black-original","status":"publish","type":"product","link":"https:\/\/ctsaul.com\/tienda\/producto\/epson-544-black-original\/","title":{"rendered":"EPSON 544 BLACK ORIGINAL"},"content":{"rendered":"<p data-start=\"550\" data-end=\"751\">Dise\u00f1ada para la l\u00ednea EcoTank, proporciona un alto rendimiento con bajo costo por p\u00e1gina. Su botella permite una recarga limpia, r\u00e1pida y sin errores, evitando desperdicios y protegiendo tu impresora.<\/p>\n<p data-start=\"753\" data-end=\"779\"><strong data-start=\"753\" data-end=\"777\">Modelos compatibles:<\/strong><\/p>\n<ul data-start=\"780\" data-end=\"1043\">\n<li data-section-id=\"1otekez\" data-start=\"780\" data-end=\"803\">Epson EcoTank L1110<\/li>\n<li data-section-id=\"1ou0y6w\" data-start=\"804\" data-end=\"827\">Epson EcoTank L1210<\/li>\n<li data-section-id=\"1ou413w\" data-start=\"828\" data-end=\"851\">Epson EcoTank L1250<\/li>\n<li data-section-id=\"1nisyah\" data-start=\"852\" data-end=\"875\">Epson EcoTank L3110<\/li>\n<li data-section-id=\"1niw17h\" data-start=\"876\" data-end=\"899\">Epson EcoTank L3150<\/li>\n<li data-section-id=\"1niyari\" data-start=\"900\" data-end=\"923\">Epson EcoTank L3160<\/li>\n<li data-section-id=\"1nm90be\" data-start=\"924\" data-end=\"947\">Epson EcoTank L3210<\/li>\n<li data-section-id=\"1nmc38e\" data-start=\"948\" data-end=\"971\">Epson EcoTank L3250<\/li>\n<li data-section-id=\"1nmctbx\" data-start=\"972\" data-end=\"995\">Epson EcoTank L3260<\/li>\n<li data-section-id=\"1refmtz\" data-start=\"996\" data-end=\"1019\">Epson EcoTank L5190<\/li>\n<li data-section-id=\"1rf20lw\" data-start=\"1020\" data-end=\"1043\">Epson EcoTank L5290<\/li>\n<li>Epson EcoTank L5590<\/li>\n<\/ul>\n","protected":false},"excerpt":{"rendered":"<p>Tinta original Epson 544 compatible con m\u00faltiples impresoras EcoTank. Alto rendimiento, colores intensos y sistema de recarga f\u00e1cil.<\/p>\n","protected":false},"featured_media":2392,"comment_status":"open","ping_status":"closed","template":"","meta":[],"product_brand":[110],"product_cat":[211,209],"product_tag":[],"class_list":{"0":"post-2391","1":"product","2":"type-product","3":"status-publish","4":"has-post-thumbnail","6":"product_brand-epson","7":"product_cat-original","8":"product_cat-tintas","9":"thunk-woo-product-list","10":"opn-qv-enable","11":"big-store-woo-hover-zoom","12":"open-single-product-tab-horizontal","13":"open-shadow-","14":"open-shadow-hover-","16":"first","17":"instock","18":"sale","19":"taxable","20":"shipping-taxable","21":"purchasable","22":"product-type-simple"},"_links":{"self":[{"href":"https:\/\/ctsaul.com\/tienda\/wp-json\/wp\/v2\/product\/2391","targetHints":{"allow":["GET"]}}],"collection":[{"href":"https:\/\/ctsaul.com\/tienda\/wp-json\/wp\/v2\/product"}],"about":[{"href":"https:\/\/ctsaul.com\/tienda\/wp-json\/wp\/v2\/types\/product"}],"replies":[{"embeddable":true,"href":"https:\/\/ctsaul.com\/tienda\/wp-json\/wp\/v2\/comments?post=2391"}],"wp:featuredmedia":[{"embeddable":true,"href":"https:\/\/ctsaul.com\/tienda\/wp-json\/wp\/v2\/media\/2392"}],"wp:attachment":[{"href":"https:\/\/ctsaul.com\/tienda\/wp-json\/wp\/v2\/media?parent=2391"}],"wp:term":[{"taxonomy":"product_brand","embeddable":true,"href":"https:\/\/ctsaul.com\/tienda\/wp-json\/wp\/v2\/product_brand?post=2391"},{"taxonomy":"product_cat","embeddable":true,"href":"https:\/\/ctsaul.com\/tienda\/wp-json\/wp\/v2\/product_cat?post=2391"},{"taxonomy":"product_tag","embeddable":true,"href":"https:\/\/ctsaul.com\/tienda\/wp-json\/wp\/v2\/product_tag?post=2391"}],"curies":[{"name":"wp","href":"https:\/\/api.w.org\/{rel}","templated":true}]}}