{"id":2240,"date":"2025-07-30T09:49:23","date_gmt":"2025-07-30T14:49:23","guid":{"rendered":"https:\/\/ctsaul.com\/tienda\/?post_type=product&#038;p=2240"},"modified":"2025-07-30T09:49:23","modified_gmt":"2025-07-30T14:49:23","slug":"adaptador-ap-d020-24v-1a-irp","status":"publish","type":"product","link":"https:\/\/ctsaul.com\/tienda\/producto\/adaptador-ap-d020-24v-1a-irp\/","title":{"rendered":"ADAPTADOR AP-D020 24V 1A IRP"},"content":{"rendered":"<h3>Cargador, adaptador, fuente o conversor AC-DC de voltaje. Sirve para alimentar dispositivos electr\u00f3nicos que requieran un voltaje DC. \u00datil para c\u00e1maras de seguridad, radios, modem, decodificadores, entre otros aparatos.<\/h3>\n<h3>Voltaje de Entrada: 100 \u2013 240V AC<br \/>\nFrecuencia: 50\/60Hz<br \/>\nVoltaje de Salida: 24V DC<br \/>\nCorriente de salida: 1 A<br \/>\nCa\u00edda de voltaje a corriente m\u00e1xima (te\u00f3rica): 1%<br \/>\nConector de entrada: Enchufe Americano<br \/>\nConector de salida: Conector circular de 5.5\u00d72.1 mm<br \/>\nPolaridad del conector de salida: Centro positivo<\/h3>\n","protected":false},"excerpt":{"rendered":"<p>Cargador, adaptador, fuente o conversor AC-DC de voltaje. Sirve para alimentar dispositivos electr\u00f3nicos que requieran un voltaje DC. \u00datil para c\u00e1maras de seguridad, radios, modem, decodificadores, entre otros aparatos. Voltaje de Entrada: 100 \u2013 240V AC Frecuencia: 50\/60Hz Voltaje de Salida: 24V DC Corriente de salida: 1 A Ca\u00edda de voltaje a corriente m\u00e1xima (te\u00f3rica): &hellip;<\/p>\n<p class=\"read-more\"> <a class=\" thunk-readmore button \" href=\"https:\/\/ctsaul.com\/tienda\/producto\/adaptador-ap-d020-24v-1a-irp\/\"> <span class=\"screen-reader-text\">ADAPTADOR AP-D020 24V 1A IRP<\/span>Leer m\u00e1s<\/a><\/p>\n","protected":false},"featured_media":2241,"comment_status":"open","ping_status":"closed","template":"","meta":[],"product_brand":[],"product_cat":[218],"product_tag":[],"class_list":{"0":"post-2240","1":"product","2":"type-product","3":"status-publish","4":"has-post-thumbnail","6":"product_cat-adaptadores","7":"thunk-woo-product-list","8":"opn-qv-enable","9":"big-store-woo-hover-zoom","10":"open-single-product-tab-horizontal","11":"open-shadow-","12":"open-shadow-hover-","14":"first","15":"instock","16":"sale","17":"taxable","18":"shipping-taxable","19":"purchasable","20":"product-type-simple"},"_links":{"self":[{"href":"https:\/\/ctsaul.com\/tienda\/wp-json\/wp\/v2\/product\/2240","targetHints":{"allow":["GET"]}}],"collection":[{"href":"https:\/\/ctsaul.com\/tienda\/wp-json\/wp\/v2\/product"}],"about":[{"href":"https:\/\/ctsaul.com\/tienda\/wp-json\/wp\/v2\/types\/product"}],"replies":[{"embeddable":true,"href":"https:\/\/ctsaul.com\/tienda\/wp-json\/wp\/v2\/comments?post=2240"}],"wp:featuredmedia":[{"embeddable":true,"href":"https:\/\/ctsaul.com\/tienda\/wp-json\/wp\/v2\/media\/2241"}],"wp:attachment":[{"href":"https:\/\/ctsaul.com\/tienda\/wp-json\/wp\/v2\/media?parent=2240"}],"wp:term":[{"taxonomy":"product_brand","embeddable":true,"href":"https:\/\/ctsaul.com\/tienda\/wp-json\/wp\/v2\/product_brand?post=2240"},{"taxonomy":"product_cat","embeddable":true,"href":"https:\/\/ctsaul.com\/tienda\/wp-json\/wp\/v2\/product_cat?post=2240"},{"taxonomy":"product_tag","embeddable":true,"href":"https:\/\/ctsaul.com\/tienda\/wp-json\/wp\/v2\/product_tag?post=2240"}],"curies":[{"name":"wp","href":"https:\/\/api.w.org\/{rel}","templated":true}]}}