{"id":2221,"date":"2025-07-25T16:30:28","date_gmt":"2025-07-25T21:30:28","guid":{"rendered":"https:\/\/ctsaul.com\/tienda\/?post_type=product&#038;p=2221"},"modified":"2025-07-25T16:30:28","modified_gmt":"2025-07-25T21:30:28","slug":"adaptador-6v-2a-con-caiman","status":"publish","type":"product","link":"https:\/\/ctsaul.com\/tienda\/producto\/adaptador-6v-2a-con-caiman\/","title":{"rendered":"ADAPTADOR 6V 2A CON CAIMAN"},"content":{"rendered":"<h3>Descripci\u00f3n:<\/h3>\n<h3>ADAPTADOR PARA BATERIAS SECAS<\/h3>\n<h3>\nAlimentaci\u00f3n: 120 Vca 60 Hz 30 W<\/p>\n<p>Salida con selector de voltaje: 6Vcd 2000 mA<\/p>\n<p>2 caimanes para conectarlos a los bornes de la bater\u00eda<\/p>\n<p>LED indicador de carga, si es baja encender\u00e1 en rojo, durante el proceso de carga en naranja y la carga completa prender\u00e1 en verde<\/h3>\n","protected":false},"excerpt":{"rendered":"<p>Descripci\u00f3n: ADAPTADOR PARA BATERIAS SECAS Alimentaci\u00f3n: 120 Vca 60 Hz 30 W Salida con selector de voltaje: 6Vcd 2000 mA 2 caimanes para conectarlos a los bornes de la bater\u00eda LED indicador de carga, si es baja encender\u00e1 en rojo, durante el proceso de carga en naranja y la carga completa prender\u00e1 en verde<\/p>\n","protected":false},"featured_media":2223,"comment_status":"open","ping_status":"closed","template":"","meta":[],"product_brand":[],"product_cat":[218],"product_tag":[],"class_list":{"0":"post-2221","1":"product","2":"type-product","3":"status-publish","4":"has-post-thumbnail","6":"product_cat-adaptadores","7":"thunk-woo-product-list","8":"opn-qv-enable","9":"big-store-woo-hover-zoom","10":"open-single-product-tab-horizontal","11":"open-shadow-","12":"open-shadow-hover-","14":"first","15":"instock","16":"sale","17":"taxable","18":"shipping-taxable","19":"purchasable","20":"product-type-simple"},"_links":{"self":[{"href":"https:\/\/ctsaul.com\/tienda\/wp-json\/wp\/v2\/product\/2221","targetHints":{"allow":["GET"]}}],"collection":[{"href":"https:\/\/ctsaul.com\/tienda\/wp-json\/wp\/v2\/product"}],"about":[{"href":"https:\/\/ctsaul.com\/tienda\/wp-json\/wp\/v2\/types\/product"}],"replies":[{"embeddable":true,"href":"https:\/\/ctsaul.com\/tienda\/wp-json\/wp\/v2\/comments?post=2221"}],"wp:featuredmedia":[{"embeddable":true,"href":"https:\/\/ctsaul.com\/tienda\/wp-json\/wp\/v2\/media\/2223"}],"wp:attachment":[{"href":"https:\/\/ctsaul.com\/tienda\/wp-json\/wp\/v2\/media?parent=2221"}],"wp:term":[{"taxonomy":"product_brand","embeddable":true,"href":"https:\/\/ctsaul.com\/tienda\/wp-json\/wp\/v2\/product_brand?post=2221"},{"taxonomy":"product_cat","embeddable":true,"href":"https:\/\/ctsaul.com\/tienda\/wp-json\/wp\/v2\/product_cat?post=2221"},{"taxonomy":"product_tag","embeddable":true,"href":"https:\/\/ctsaul.com\/tienda\/wp-json\/wp\/v2\/product_tag?post=2221"}],"curies":[{"name":"wp","href":"https:\/\/api.w.org\/{rel}","templated":true}]}}