{"id":2164,"date":"2025-07-05T16:59:40","date_gmt":"2025-07-05T21:59:40","guid":{"rendered":"https:\/\/ctsaul.com\/tienda\/?post_type=product&#038;p=2164"},"modified":"2026-01-08T15:11:40","modified_gmt":"2026-01-08T20:11:40","slug":"ups-interactiva-2000va-powest","status":"publish","type":"product","link":"https:\/\/ctsaul.com\/tienda\/producto\/ups-interactiva-2000va-powest\/","title":{"rendered":"UPS INTERACTIVA 2000VA POWEST"},"content":{"rendered":"<h2 class=\"ui-pdp-description__title\" data-testid=\"title\">Descripci\u00f3n<\/h2>\n<h3 class=\"ui-pdp-description__content\" data-testid=\"content\">UPS INTERACTIVA 2000VA POWEST<\/h3>\n<p>&#8211; T\u00e9cnica autom\u00e1tica de recarga.<br \/>\n&#8211; Control Digital Autom\u00e1tico.<br \/>\n&#8211; Indicadores de funcionamiento LED.<br \/>\n&#8211; Dise\u00f1o confiable conectado a la red.<br \/>\n&#8211; Reinicio autom\u00e1tico despu\u00e9s de una falla en la red.<br \/>\n&#8211; Tama\u00f1o compacto y peso ligero.<br \/>\n&#8211; porporciona protecci\u00f3n contra sobrecarga.<\/p>\n<ul>\n<li>\n<h4>Dimensiones (Altura* Ancho* Profundidad) 195*139*365 mm.<\/h4>\n<\/li>\n<li>\n<h4>Transitores MOSFET PWM.<\/h4>\n<\/li>\n<li>\n<h4>Conexi\u00f3n 6 Tomas Negras NEMA 5-15 R Reguladas.<\/h4>\n<\/li>\n<li>\n<h4>Interfaz de USB de comunicaci\u00f3n.<\/h4>\n<\/li>\n<li>\n<h4>Equipado con Boost AVR y Buck para estabilizar el voltaje de entrada.<\/h4>\n<\/li>\n<\/ul>\n","protected":false},"excerpt":{"rendered":"<p>Descripci\u00f3n UPS INTERACTIVA 2000VA POWEST &#8211; T\u00e9cnica autom\u00e1tica de recarga. &#8211; Control Digital Autom\u00e1tico. &#8211; Indicadores de funcionamiento LED. &#8211; Dise\u00f1o confiable conectado a la red. &#8211; Reinicio autom\u00e1tico despu\u00e9s de una falla en la red. &#8211; Tama\u00f1o compacto y peso ligero. &#8211; porporciona protecci\u00f3n contra sobrecarga. Dimensiones (Altura* Ancho* Profundidad) 195*139*365 mm. Transitores MOSFET &hellip;<\/p>\n<p class=\"read-more\"> <a class=\" thunk-readmore button \" href=\"https:\/\/ctsaul.com\/tienda\/producto\/ups-interactiva-2000va-powest\/\"> <span class=\"screen-reader-text\">UPS INTERACTIVA 2000VA POWEST<\/span>Leer m\u00e1s<\/a><\/p>\n","protected":false},"featured_media":2165,"comment_status":"open","ping_status":"closed","template":"","meta":[],"product_brand":[121],"product_cat":[217],"product_tag":[],"class_list":{"0":"post-2164","1":"product","2":"type-product","3":"status-publish","4":"has-post-thumbnail","6":"product_brand-powest","7":"product_cat-ups","8":"thunk-woo-product-list","9":"opn-qv-enable","10":"big-store-woo-hover-zoom","11":"open-single-product-tab-horizontal","12":"open-shadow-","13":"open-shadow-hover-","15":"first","16":"instock","17":"taxable","18":"shipping-taxable","19":"purchasable","20":"product-type-simple"},"_links":{"self":[{"href":"https:\/\/ctsaul.com\/tienda\/wp-json\/wp\/v2\/product\/2164","targetHints":{"allow":["GET"]}}],"collection":[{"href":"https:\/\/ctsaul.com\/tienda\/wp-json\/wp\/v2\/product"}],"about":[{"href":"https:\/\/ctsaul.com\/tienda\/wp-json\/wp\/v2\/types\/product"}],"replies":[{"embeddable":true,"href":"https:\/\/ctsaul.com\/tienda\/wp-json\/wp\/v2\/comments?post=2164"}],"wp:featuredmedia":[{"embeddable":true,"href":"https:\/\/ctsaul.com\/tienda\/wp-json\/wp\/v2\/media\/2165"}],"wp:attachment":[{"href":"https:\/\/ctsaul.com\/tienda\/wp-json\/wp\/v2\/media?parent=2164"}],"wp:term":[{"taxonomy":"product_brand","embeddable":true,"href":"https:\/\/ctsaul.com\/tienda\/wp-json\/wp\/v2\/product_brand?post=2164"},{"taxonomy":"product_cat","embeddable":true,"href":"https:\/\/ctsaul.com\/tienda\/wp-json\/wp\/v2\/product_cat?post=2164"},{"taxonomy":"product_tag","embeddable":true,"href":"https:\/\/ctsaul.com\/tienda\/wp-json\/wp\/v2\/product_tag?post=2164"}],"curies":[{"name":"wp","href":"https:\/\/api.w.org\/{rel}","templated":true}]}}