{"id":2068,"date":"2025-05-30T10:46:23","date_gmt":"2025-05-30T15:46:23","guid":{"rendered":"https:\/\/ctsaul.com\/tienda\/?post_type=product&#038;p=2068"},"modified":"2025-05-30T10:52:57","modified_gmt":"2025-05-30T15:52:57","slug":"tinta-epson-504-cyan-original","status":"publish","type":"product","link":"https:\/\/ctsaul.com\/tienda\/producto\/tinta-epson-504-cyan-original\/","title":{"rendered":"EPSON 504 CYAN ORIGINAL"},"content":{"rendered":"<h3>Las botellas de tinta de color cian modelo T504 son compatibles con impresoras Epson de la l\u00ednea Ecotank. Con las tintas de calidad original Epson no solo obtienes un alto rendimiento, sino que tambi\u00e9n conservas los dos a\u00f1os de garant\u00eda para tus equipos de impresi\u00f3n Epson.<\/h3>\n<h3>Impresoras compatibles:<\/h3>\n<ul>\n<li>\n<h3>L4150<\/h3>\n<\/li>\n<li>\n<h3>\u00a0L4160<\/h3>\n<\/li>\n<li>\n<h3>L4260<\/h3>\n<\/li>\n<li>\n<h3>L6161<\/h3>\n<\/li>\n<li>\n<h3>L6171<\/h3>\n<\/li>\n<li>\n<h3>L6270<\/h3>\n<\/li>\n<li>\n<h3>L6191<\/h3>\n<\/li>\n<li>\n<h3>L14150<\/h3>\n<\/li>\n<\/ul>\n","protected":false},"excerpt":{"rendered":"<p>Las botellas de tinta de color cian modelo T504 son compatibles con impresoras Epson de la l\u00ednea Ecotank. Con las tintas de calidad original Epson no solo obtienes un alto rendimiento, sino que tambi\u00e9n conservas los dos a\u00f1os de garant\u00eda para tus equipos de impresi\u00f3n Epson. Impresoras compatibles: L4150 \u00a0L4160 L4260 L6161 L6171 L6270 L6191 &hellip;<\/p>\n<p class=\"read-more\"> <a class=\" thunk-readmore button \" href=\"https:\/\/ctsaul.com\/tienda\/producto\/tinta-epson-504-cyan-original\/\"> <span class=\"screen-reader-text\">EPSON 504 CYAN ORIGINAL<\/span>Leer m\u00e1s<\/a><\/p>\n","protected":false},"featured_media":2069,"comment_status":"open","ping_status":"closed","template":"","meta":[],"product_brand":[110],"product_cat":[211,209],"product_tag":[],"class_list":{"0":"post-2068","1":"product","2":"type-product","3":"status-publish","4":"has-post-thumbnail","6":"product_brand-epson","7":"product_cat-original","8":"product_cat-tintas","9":"thunk-woo-product-list","10":"opn-qv-enable","11":"big-store-woo-hover-zoom","12":"open-single-product-tab-horizontal","13":"open-shadow-","14":"open-shadow-hover-","16":"first","17":"instock","18":"sale","19":"taxable","20":"shipping-taxable","21":"purchasable","22":"product-type-simple"},"_links":{"self":[{"href":"https:\/\/ctsaul.com\/tienda\/wp-json\/wp\/v2\/product\/2068","targetHints":{"allow":["GET"]}}],"collection":[{"href":"https:\/\/ctsaul.com\/tienda\/wp-json\/wp\/v2\/product"}],"about":[{"href":"https:\/\/ctsaul.com\/tienda\/wp-json\/wp\/v2\/types\/product"}],"replies":[{"embeddable":true,"href":"https:\/\/ctsaul.com\/tienda\/wp-json\/wp\/v2\/comments?post=2068"}],"wp:featuredmedia":[{"embeddable":true,"href":"https:\/\/ctsaul.com\/tienda\/wp-json\/wp\/v2\/media\/2069"}],"wp:attachment":[{"href":"https:\/\/ctsaul.com\/tienda\/wp-json\/wp\/v2\/media?parent=2068"}],"wp:term":[{"taxonomy":"product_brand","embeddable":true,"href":"https:\/\/ctsaul.com\/tienda\/wp-json\/wp\/v2\/product_brand?post=2068"},{"taxonomy":"product_cat","embeddable":true,"href":"https:\/\/ctsaul.com\/tienda\/wp-json\/wp\/v2\/product_cat?post=2068"},{"taxonomy":"product_tag","embeddable":true,"href":"https:\/\/ctsaul.com\/tienda\/wp-json\/wp\/v2\/product_tag?post=2068"}],"curies":[{"name":"wp","href":"https:\/\/api.w.org\/{rel}","templated":true}]}}