{"id":1937,"date":"2025-05-19T11:42:51","date_gmt":"2025-05-19T16:42:51","guid":{"rendered":"https:\/\/ctsaul.com\/tienda\/?post_type=product&#038;p=1937"},"modified":"2025-05-27T17:26:17","modified_gmt":"2025-05-27T22:26:17","slug":"dvr-8ch-hikvision-ds-7108hghi-m1","status":"publish","type":"product","link":"https:\/\/ctsaul.com\/tienda\/producto\/dvr-8ch-hikvision-ds-7108hghi-m1\/","title":{"rendered":"DVR 8CH HIKVISION DS-7108HGHI-M1"},"content":{"rendered":"<p>REFERENCIA; DS7108 HGHIF1\/ N<\/p>\n<p>SOPORTA 8CAMARAS 1080P<br \/>\nDESCRIPCI\u00d3N<\/p>\n<p>Caracter\u00edsticas principales:<\/p>\n<p>Tecnolog\u00eda TurboHD 1080P Lite Ver. 3.0.<br \/>\nSoporte de tecnolog\u00edas: HD-TVI \/ HD-CVI \/ AHD \/ Anal\u00f3gico (CVBS).<br \/>\nSoftware cliente iVMS-4200.<br \/>\nCompatible con Hik-Connect P2P.<br \/>\nSoporta servicio Hik-connect Domain \/ DynDNS \/ NO-IP.<br \/>\nSoporta 8 canales TURBOHD \/ analogicos + 2 canal IP = 10 canales en total.<\/p>\n<p>Caracter\u00edsticas F\u00edsicas y El\u00e9ctricas:<\/p>\n<p>Alimentaci\u00f3n: 12 Vcd.<br \/>\nConsumo sin disco duro: 12 W.<br \/>\nTemperatura de operaci\u00f3n: -10 \u00baC hasta 55 \u00baC<br \/>\nDimensiones: 200 \u00d7 200 \u00d7 45 mm (W \u00d7 D \u00d7 H)<br \/>\nPeso: 0.8 Kg sin disco duro.<\/p>\n<p>Interfaces Entradas \/ Salidas:<\/p>\n<p>Entrada de video:<br \/>\n8 canales ( CONECCION POR VIDEO BALUN)<br \/>\nSalida de video:<br \/>\nHDMI \/ VGA: 1920\u00d71080, 1280\u00d71024, 1280\u00d7720, 1024\u00d7768.<br \/>\nEntrada audio: 1 POR RCA<br \/>\nSalida audio: 1 POR RCA<br \/>\nInterfaz USB: 2 puerto (2.0) trasero.<br \/>\nInterfaz red: 1 puertos (RJ &#8211; 45 10\/100 Mbps).<br \/>\nCapacidad HDD: 1 @ 6 TB.<\/p>\n","protected":false},"excerpt":{"rendered":"<p>REFERENCIA; DS7108 HGHIF1\/ N SOPORTA 8CAMARAS 1080P DESCRIPCI\u00d3N Caracter\u00edsticas principales: Tecnolog\u00eda TurboHD 1080P Lite Ver. 3.0. Soporte de tecnolog\u00edas: HD-TVI \/ HD-CVI \/ AHD \/ Anal\u00f3gico (CVBS). Software cliente iVMS-4200. Compatible con Hik-Connect P2P. Soporta servicio Hik-connect Domain \/ DynDNS \/ NO-IP. Soporta 8 canales TURBOHD \/ analogicos + 2 canal IP = 10 canales &hellip;<\/p>\n<p class=\"read-more\"> <a class=\" thunk-readmore button \" href=\"https:\/\/ctsaul.com\/tienda\/producto\/dvr-8ch-hikvision-ds-7108hghi-m1\/\"> <span class=\"screen-reader-text\">DVR 8CH HIKVISION DS-7108HGHI-M1<\/span>Leer m\u00e1s<\/a><\/p>\n","protected":false},"featured_media":1938,"comment_status":"open","ping_status":"closed","template":"","meta":[],"product_brand":[114],"product_cat":[208],"product_tag":[],"class_list":{"0":"post-1937","1":"product","2":"type-product","3":"status-publish","4":"has-post-thumbnail","6":"product_brand-hikvision","7":"product_cat-xvr-dvr","8":"thunk-woo-product-list","9":"opn-qv-enable","10":"big-store-woo-hover-zoom","11":"open-single-product-tab-horizontal","12":"open-shadow-","13":"open-shadow-hover-","15":"first","16":"instock","17":"sale","18":"taxable","19":"shipping-taxable","20":"purchasable","21":"product-type-simple"},"_links":{"self":[{"href":"https:\/\/ctsaul.com\/tienda\/wp-json\/wp\/v2\/product\/1937","targetHints":{"allow":["GET"]}}],"collection":[{"href":"https:\/\/ctsaul.com\/tienda\/wp-json\/wp\/v2\/product"}],"about":[{"href":"https:\/\/ctsaul.com\/tienda\/wp-json\/wp\/v2\/types\/product"}],"replies":[{"embeddable":true,"href":"https:\/\/ctsaul.com\/tienda\/wp-json\/wp\/v2\/comments?post=1937"}],"wp:featuredmedia":[{"embeddable":true,"href":"https:\/\/ctsaul.com\/tienda\/wp-json\/wp\/v2\/media\/1938"}],"wp:attachment":[{"href":"https:\/\/ctsaul.com\/tienda\/wp-json\/wp\/v2\/media?parent=1937"}],"wp:term":[{"taxonomy":"product_brand","embeddable":true,"href":"https:\/\/ctsaul.com\/tienda\/wp-json\/wp\/v2\/product_brand?post=1937"},{"taxonomy":"product_cat","embeddable":true,"href":"https:\/\/ctsaul.com\/tienda\/wp-json\/wp\/v2\/product_cat?post=1937"},{"taxonomy":"product_tag","embeddable":true,"href":"https:\/\/ctsaul.com\/tienda\/wp-json\/wp\/v2\/product_tag?post=1937"}],"curies":[{"name":"wp","href":"https:\/\/api.w.org\/{rel}","templated":true}]}}