{"id":1932,"date":"2025-05-17T16:19:28","date_gmt":"2025-05-17T21:19:28","guid":{"rendered":"https:\/\/ctsaul.com\/tienda\/?post_type=product&#038;p=1932"},"modified":"2025-05-27T17:27:01","modified_gmt":"2025-05-27T22:27:01","slug":"xvr-hd-xvr1b08-i-8ch-dahua","status":"publish","type":"product","link":"https:\/\/ctsaul.com\/tienda\/producto\/xvr-hd-xvr1b08-i-8ch-dahua\/","title":{"rendered":"XVR HD-XVR1B08-I 8CH DAHUA"},"content":{"rendered":"<p>Procesador Integrado<br \/>\n&#8211; Compresi\u00f3n De Video H.264<br \/>\n&#8211; Admite Entradas De Video Hdcvi \/ Ahd \/ Tvi \/ Cvbs \/ Ip<br \/>\n&#8211; Soporta 8 Canales Full Hd 2 Megap\u00edxel<br \/>\n&#8211; Larga Distancia De Transmisi\u00f3n<br \/>\n&#8211; Soporta C\u00e1maras Ip<br \/>\n&#8211; No Necesita Ip Fija<br \/>\n&#8211; Visualizaci\u00f3n De Las C\u00e1maras Por Celular Por P2p, ( Solo Escanear C\u00f3digo)<br \/>\n&#8211; Material Met\u00e1lico<br \/>\n&#8211; Tiene Un 1 Audio<br \/>\n&#8211; Salida De Video Hdmi Y Vga<\/p>\n","protected":false},"excerpt":{"rendered":"<p>Procesador Integrado &#8211; Compresi\u00f3n De Video H.264 &#8211; Admite Entradas De Video Hdcvi \/ Ahd \/ Tvi \/ Cvbs \/ Ip &#8211; Soporta 8 Canales Full Hd 2 Megap\u00edxel &#8211; Larga Distancia De Transmisi\u00f3n &#8211; Soporta C\u00e1maras Ip &#8211; No Necesita Ip Fija &#8211; Visualizaci\u00f3n De Las C\u00e1maras Por Celular Por P2p, ( Solo Escanear &hellip;<\/p>\n<p class=\"read-more\"> <a class=\" thunk-readmore button \" href=\"https:\/\/ctsaul.com\/tienda\/producto\/xvr-hd-xvr1b08-i-8ch-dahua\/\"> <span class=\"screen-reader-text\">XVR HD-XVR1B08-I 8CH DAHUA<\/span>Leer m\u00e1s<\/a><\/p>\n","protected":false},"featured_media":1933,"comment_status":"open","ping_status":"closed","template":"","meta":[],"product_brand":[107],"product_cat":[208],"product_tag":[],"class_list":{"0":"post-1932","1":"product","2":"type-product","3":"status-publish","4":"has-post-thumbnail","6":"product_brand-dahua","7":"product_cat-xvr-dvr","8":"thunk-woo-product-list","9":"opn-qv-enable","10":"big-store-woo-hover-zoom","11":"open-single-product-tab-horizontal","12":"open-shadow-","13":"open-shadow-hover-","15":"first","16":"instock","17":"sale","18":"taxable","19":"shipping-taxable","20":"purchasable","21":"product-type-simple"},"_links":{"self":[{"href":"https:\/\/ctsaul.com\/tienda\/wp-json\/wp\/v2\/product\/1932","targetHints":{"allow":["GET"]}}],"collection":[{"href":"https:\/\/ctsaul.com\/tienda\/wp-json\/wp\/v2\/product"}],"about":[{"href":"https:\/\/ctsaul.com\/tienda\/wp-json\/wp\/v2\/types\/product"}],"replies":[{"embeddable":true,"href":"https:\/\/ctsaul.com\/tienda\/wp-json\/wp\/v2\/comments?post=1932"}],"wp:featuredmedia":[{"embeddable":true,"href":"https:\/\/ctsaul.com\/tienda\/wp-json\/wp\/v2\/media\/1933"}],"wp:attachment":[{"href":"https:\/\/ctsaul.com\/tienda\/wp-json\/wp\/v2\/media?parent=1932"}],"wp:term":[{"taxonomy":"product_brand","embeddable":true,"href":"https:\/\/ctsaul.com\/tienda\/wp-json\/wp\/v2\/product_brand?post=1932"},{"taxonomy":"product_cat","embeddable":true,"href":"https:\/\/ctsaul.com\/tienda\/wp-json\/wp\/v2\/product_cat?post=1932"},{"taxonomy":"product_tag","embeddable":true,"href":"https:\/\/ctsaul.com\/tienda\/wp-json\/wp\/v2\/product_tag?post=1932"}],"curies":[{"name":"wp","href":"https:\/\/api.w.org\/{rel}","templated":true}]}}