{"id":1866,"date":"2025-04-26T16:37:42","date_gmt":"2025-04-26T21:37:42","guid":{"rendered":"https:\/\/ctsaul.com\/tienda\/?post_type=product&#038;p=1866"},"modified":"2025-05-27T10:34:26","modified_gmt":"2025-05-27T15:34:26","slug":"ezviz-h4-r201-1h3wkfl-2k-exterior-interior","status":"publish","type":"product","link":"https:\/\/ctsaul.com\/tienda\/producto\/ezviz-h4-r201-1h3wkfl-2k-exterior-interior\/","title":{"rendered":"EZVIZ H4-R201-1H3WKFL 2K EXTERIOR\/INTERIOR"},"content":{"rendered":"<h2>SMART HOME CAMERA H4 EZVIZ<\/h2>\n<h3>Ya sea en exteriores o interiores, para proteger su hogar o su negocio, el H4 sirve como una soluci\u00f3n de seguridad compacta y potente que se enchufa para brindar tranquilidad las 24 horas, los 7 d\u00edas de la semana. El algoritmo de inteligencia artificial integrado en la c\u00e1mara ayuda a identificar personas y veh\u00edculos en movimiento en particular. Reduciendo la cantidad de alertas causadas por movimientos de animales y objetos como hojas etc.<br \/>\nCaracter\u00edsticas Destacadas:<\/p>\n<p>&#8211; Resoluci\u00f3n 2K<br \/>\n&#8211; Detecci\u00f3n de formas humanas y de veh\u00edculos con tecnolog\u00eda de inteligencia artificial<br \/>\n&#8211; Defensa activa con sirena y luz estrobosc\u00f3pica<br \/>\n&#8211; Visi\u00f3n nocturna en color<br \/>\n&#8211; Captaci\u00f3n de audio mejorada (hasta 15 metros)<br \/>\n&#8211; Llamada bidireccional<br \/>\n&#8211; Alertas de voz personalizables<br \/>\n&#8211; Zona de detecci\u00f3n personalizable<br \/>\n&#8211; Dise\u00f1o resistente a la intemperie IP67<br \/>\n&#8211; Tecnolog\u00eda de v\u00eddeo H.265<br \/>\n&#8211; Integraci\u00f3n inteligente con Google Assistant y Amazon Alexa<br \/>\n&#8211; Admite tarjeta MicroSD (hasta 512 GB) y almacenamiento EZVIZ CloudPlay<\/p>\n<p>Incluye en el paquete;<br \/>\n&#8211; 2 C\u00e1mara H4 2K<br \/>\n&#8211; 2 Adaptador de corriente<br \/>\n&#8211; 2 Plantilla de perforaci\u00f3n<br \/>\n&#8211; 2 Kit de tornillos<br \/>\n&#8211; 2 Informaci\u00f3n reglamentaria<br \/>\n&#8211; 2 Gu\u00eda de inicio r\u00e1pido<\/h3>\n","protected":false},"excerpt":{"rendered":"<p>SMART HOME CAMERA H4 EZVIZ Ya sea en exteriores o interiores, para proteger su hogar o su negocio, el H4 sirve como una soluci\u00f3n de seguridad compacta y potente que se enchufa para brindar tranquilidad las 24 horas, los 7 d\u00edas de la semana. El algoritmo de inteligencia artificial integrado en la c\u00e1mara ayuda a &hellip;<\/p>\n<p class=\"read-more\"> <a class=\" thunk-readmore button \" href=\"https:\/\/ctsaul.com\/tienda\/producto\/ezviz-h4-r201-1h3wkfl-2k-exterior-interior\/\"> <span class=\"screen-reader-text\">EZVIZ H4-R201-1H3WKFL 2K EXTERIOR\/INTERIOR<\/span>Leer m\u00e1s<\/a><\/p>\n","protected":false},"featured_media":1867,"comment_status":"open","ping_status":"closed","template":"","meta":[],"product_brand":[111],"product_cat":[204,207],"product_tag":[],"class_list":{"0":"post-1866","1":"product","2":"type-product","3":"status-publish","4":"has-post-thumbnail","6":"product_brand-ezviz","7":"product_cat-camaras","8":"product_cat-wifi","9":"thunk-woo-product-list","10":"opn-qv-enable","11":"big-store-woo-hover-zoom","12":"open-single-product-tab-horizontal","13":"open-shadow-","14":"open-shadow-hover-","16":"first","17":"instock","18":"sale","19":"taxable","20":"shipping-taxable","21":"purchasable","22":"product-type-simple"},"_links":{"self":[{"href":"https:\/\/ctsaul.com\/tienda\/wp-json\/wp\/v2\/product\/1866","targetHints":{"allow":["GET"]}}],"collection":[{"href":"https:\/\/ctsaul.com\/tienda\/wp-json\/wp\/v2\/product"}],"about":[{"href":"https:\/\/ctsaul.com\/tienda\/wp-json\/wp\/v2\/types\/product"}],"replies":[{"embeddable":true,"href":"https:\/\/ctsaul.com\/tienda\/wp-json\/wp\/v2\/comments?post=1866"}],"wp:featuredmedia":[{"embeddable":true,"href":"https:\/\/ctsaul.com\/tienda\/wp-json\/wp\/v2\/media\/1867"}],"wp:attachment":[{"href":"https:\/\/ctsaul.com\/tienda\/wp-json\/wp\/v2\/media?parent=1866"}],"wp:term":[{"taxonomy":"product_brand","embeddable":true,"href":"https:\/\/ctsaul.com\/tienda\/wp-json\/wp\/v2\/product_brand?post=1866"},{"taxonomy":"product_cat","embeddable":true,"href":"https:\/\/ctsaul.com\/tienda\/wp-json\/wp\/v2\/product_cat?post=1866"},{"taxonomy":"product_tag","embeddable":true,"href":"https:\/\/ctsaul.com\/tienda\/wp-json\/wp\/v2\/product_tag?post=1866"}],"curies":[{"name":"wp","href":"https:\/\/api.w.org\/{rel}","templated":true}]}}