{"id":1856,"date":"2025-04-26T16:11:52","date_gmt":"2025-04-26T21:11:52","guid":{"rendered":"https:\/\/ctsaul.com\/tienda\/?post_type=product&#038;p=1856"},"modified":"2025-05-27T10:38:01","modified_gmt":"2025-05-27T15:38:01","slug":"ezviz-5mp-cs-h3-r100-exterior","status":"publish","type":"product","link":"https:\/\/ctsaul.com\/tienda\/producto\/ezviz-5mp-cs-h3-r100-exterior\/","title":{"rendered":"EZVIZ 5MP CS-H3-R100 EXTERIOR"},"content":{"rendered":"<h2>SMART HOME CAMERA H3 EZVIZ<\/h2>\n<div class=\"WaaZC\">\n<div class=\"RJPOee EIJn2\">\n<blockquote>\n<h3 class=\"rPeykc\" data-hveid=\"CAMQAQ\" data-ved=\"2ahUKEwj1-PbuyvaMAxWbgIQIHXjxD9gQo_EKegQIAxAB\"><span data-huuid=\"17319889153695165199\">con visi\u00f3n nocturna a color 5MP (3K) ofrece una\u00a0<strong><mark class=\"QVRyCf\">resoluci\u00f3n de 2880 x 1620 p\u00edxeles, visi\u00f3n nocturna de hasta 30 metros y detecci\u00f3n de personas\/veh\u00edculos con tecnolog\u00eda de IA<\/mark><\/strong>.\u00a0<\/span><span data-huuid=\"17319889153695165284\">Tambi\u00e9n cuenta con una lente de 2.8mm F2.0 (\u00e1ngulo de visi\u00f3n 114\u00b0 diagonal, 96\u00b0 horizontal, 51\u00b0 vertical).<span class=\"pjBG2e\" data-cid=\"d28dcd45-32db-4efe-b86b-45cba418e748\"><span class=\"UV3uM\">\u00a0<\/span><\/span><\/span><\/h3>\n<div class=\"NPrrbc\" data-cid=\"d28dcd45-32db-4efe-b86b-45cba418e748\" data-uuids=\"17319889153695165199,17319889153695165284\">\n<div class=\"BMebGe btku5b fCrZyc LwdV0e FR7ZSc OJeuxf\" tabindex=\"0\" role=\"button\" aria-label=\"Ver v\u00ednculos relacionados\" data-hveid=\"CAQQAQ\" data-ved=\"2ahUKEwj1-PbuyvaMAxWbgIQIHXjxD9gQ3fYKegQIBBAB\">\n<div class=\"niO4u\">\n<div class=\"kHtcsd\"><\/div>\n<\/div>\n<\/div>\n<\/div>\n<\/blockquote>\n<\/div>\n<\/div>\n<div class=\"RJPOee EIJn2\">\n<div class=\"rPeykc pyPiTc\" data-hveid=\"CAsQAQ\" data-ved=\"2ahUKEwj1-PbuyvaMAxWbgIQIHXjxD9gQo_EKegQICxAB\"><span data-huuid=\"17319889153695162463\">Especificaciones detalladas:<\/span><\/div>\n<\/div>\n<div class=\"WaaZC\">\n<div class=\"RJPOee EIJn2\">\n<ul data-hveid=\"CDIQAQ\" data-ved=\"2ahUKEwj1-PbuyvaMAxWbgIQIHXjxD9gQm_YKegQIMhAB\">\n<li>\n<h3><span data-huuid=\"17319889153695162718\"><strong>Resoluci\u00f3n:<\/strong>\u00a0<\/span><span data-huuid=\"17319889153695162803\">5MP (3K) &#8211; 2880 x 1620 p\u00edxeles.<\/span><\/h3>\n<\/li>\n<li>\n<h3><span data-huuid=\"17319889153695162973\"><strong>Visi\u00f3n nocturna:<\/strong>\u00a0<\/span><span data-huuid=\"17319889153695163058\">Hasta 30 metros en color.<\/span><\/h3>\n<\/li>\n<li>\n<h3><span data-huuid=\"17319889153695163228\"><strong>Lente:<\/strong>\u00a0<\/span><span data-huuid=\"17319889153695163313\">2.8mm F2.0.<\/span><\/h3>\n<\/li>\n<li>\n<h3><span data-huuid=\"17319889153695163483\"><strong>\u00c1ngulo de visi\u00f3n:<\/strong>\u00a0<\/span><span data-huuid=\"17319889153695163568\">114\u00b0 (diagonal), 96\u00b0 (horizontal), 51\u00b0 (vertical).<\/span><\/h3>\n<\/li>\n<li>\n<h3><span data-huuid=\"17319889153695163738\"><strong>Detecci\u00f3n:<\/strong>\u00a0<\/span><span data-huuid=\"17319889153695163823\">Detecci\u00f3n de personas y veh\u00edculos con IA.<\/span><\/h3>\n<\/li>\n<li>\n<h3><span data-huuid=\"17319889153695163993\"><strong>Defensa activa:<\/strong>\u00a0<\/span><span data-huuid=\"17319889153695164078\">Sirena y luces.<\/span><\/h3>\n<\/li>\n<li>\n<h3><span data-huuid=\"17319889153695164248\"><strong>Almacenamiento:<\/strong>\u00a0<\/span><span data-huuid=\"17319889153695164333\">Soporta tarjeta microSD (hasta 512GB).<\/span><\/h3>\n<\/li>\n<li>\n<h3><span data-huuid=\"17319889153695164503\"><strong>Conectividad:<\/strong>\u00a0<\/span><span data-huuid=\"17319889153695164588\">Wi-Fi.<\/span><\/h3>\n<\/li>\n<li>\n<h3><span data-huuid=\"17319889153695164758\"><strong>Resistencia al agua:<\/strong>\u00a0<\/span><span data-huuid=\"17319889153695164843\">IP67.<\/span><\/h3>\n<\/li>\n<li>\n<h3><span data-huuid=\"17319889153695165013\"><strong>Compresi\u00f3n de video:<\/strong>\u00a0<\/span><span data-huuid=\"17319889153695165098\">H.265.<\/span><\/h3>\n<\/li>\n<li>\n<h3><span data-huuid=\"17319889153695165268\"><strong>Funciones adicionales:<\/strong>\u00a0<\/span><span data-huuid=\"17319889153695165353\">Audio bidireccional, alertas personalizadas, integraci\u00f3n con Alexa, Google Assistant y IFTTT.<span class=\"pjBG2e\" data-cid=\"387592e0-0016-4390-b986-388d91b5ed0f\"><span class=\"UV3uM\">\u00a0<\/span><\/span><\/span><\/h3>\n<\/li>\n<\/ul>\n<\/div>\n<\/div>\n","protected":false},"excerpt":{"rendered":"<p>SMART HOME CAMERA H3 EZVIZ con visi\u00f3n nocturna a color 5MP (3K) ofrece una\u00a0resoluci\u00f3n de 2880 x 1620 p\u00edxeles, visi\u00f3n nocturna de hasta 30 metros y detecci\u00f3n de personas\/veh\u00edculos con tecnolog\u00eda de IA.\u00a0Tambi\u00e9n cuenta con una lente de 2.8mm F2.0 (\u00e1ngulo de visi\u00f3n 114\u00b0 diagonal, 96\u00b0 horizontal, 51\u00b0 vertical).\u00a0 Especificaciones detalladas: Resoluci\u00f3n:\u00a05MP (3K) &#8211; 2880 &hellip;<\/p>\n<p class=\"read-more\"> <a class=\" thunk-readmore button \" href=\"https:\/\/ctsaul.com\/tienda\/producto\/ezviz-5mp-cs-h3-r100-exterior\/\"> <span class=\"screen-reader-text\">EZVIZ 5MP CS-H3-R100 EXTERIOR<\/span>Leer m\u00e1s<\/a><\/p>\n","protected":false},"featured_media":1863,"comment_status":"open","ping_status":"closed","template":"","meta":[],"product_brand":[111],"product_cat":[204,207],"product_tag":[],"class_list":{"0":"post-1856","1":"product","2":"type-product","3":"status-publish","4":"has-post-thumbnail","6":"product_brand-ezviz","7":"product_cat-camaras","8":"product_cat-wifi","9":"thunk-woo-product-list","10":"opn-qv-enable","11":"big-store-woo-hover-zoom","12":"open-single-product-tab-horizontal","13":"open-shadow-","14":"open-shadow-hover-","16":"first","17":"instock","18":"sale","19":"taxable","20":"shipping-taxable","21":"purchasable","22":"product-type-simple"},"_links":{"self":[{"href":"https:\/\/ctsaul.com\/tienda\/wp-json\/wp\/v2\/product\/1856","targetHints":{"allow":["GET"]}}],"collection":[{"href":"https:\/\/ctsaul.com\/tienda\/wp-json\/wp\/v2\/product"}],"about":[{"href":"https:\/\/ctsaul.com\/tienda\/wp-json\/wp\/v2\/types\/product"}],"replies":[{"embeddable":true,"href":"https:\/\/ctsaul.com\/tienda\/wp-json\/wp\/v2\/comments?post=1856"}],"wp:featuredmedia":[{"embeddable":true,"href":"https:\/\/ctsaul.com\/tienda\/wp-json\/wp\/v2\/media\/1863"}],"wp:attachment":[{"href":"https:\/\/ctsaul.com\/tienda\/wp-json\/wp\/v2\/media?parent=1856"}],"wp:term":[{"taxonomy":"product_brand","embeddable":true,"href":"https:\/\/ctsaul.com\/tienda\/wp-json\/wp\/v2\/product_brand?post=1856"},{"taxonomy":"product_cat","embeddable":true,"href":"https:\/\/ctsaul.com\/tienda\/wp-json\/wp\/v2\/product_cat?post=1856"},{"taxonomy":"product_tag","embeddable":true,"href":"https:\/\/ctsaul.com\/tienda\/wp-json\/wp\/v2\/product_tag?post=1856"}],"curies":[{"name":"wp","href":"https:\/\/api.w.org\/{rel}","templated":true}]}}