{"id":1208,"date":"2025-03-28T17:55:33","date_gmt":"2025-03-28T22:55:33","guid":{"rendered":"http:\/\/172.16.1.1\/tienda\/?post_type=product&#038;p=1208"},"modified":"2025-05-27T10:41:19","modified_gmt":"2025-05-27T15:41:19","slug":"telefono-d620-alcatel-inalambrico","status":"publish","type":"product","link":"https:\/\/ctsaul.com\/tienda\/producto\/telefono-d620-alcatel-inalambrico\/","title":{"rendered":"TELEFONO D620 ALCATEL INALAMBRICO"},"content":{"rendered":"<p>El Alcatel D620 es un tel\u00e9fono simple y efectivo que se sienta en su hogar con facilidad de uso.<\/p>\n<p>Tambi\u00e9n disponible en esta versi\u00f3n, la funci\u00f3n de manos libres te permite compartir f\u00e1cilmente tus conversaciones con solo el toque de un dedo , d\u00e1ndote una total libertad de movimiento.<\/p>\n<p>Est\u00e1 equipado con un directorio de 50 nombres y n\u00fameros para contactar f\u00e1cilmente con sus corresponsales favoritos.<\/p>\n<p>La pantalla alfanum\u00e9rica retroiluminada garantiza comodidad visual para la identificaci\u00f3n de la persona que llama con nombre y n\u00famero.<\/p>\n","protected":false},"excerpt":{"rendered":"<p>El Alcatel D620 es un tel\u00e9fono simple y efectivo que se sienta en su hogar con facilidad de uso. Tambi\u00e9n disponible en esta versi\u00f3n, la funci\u00f3n de manos libres te permite compartir f\u00e1cilmente tus conversaciones con solo el toque de un dedo , d\u00e1ndote una total libertad de movimiento. Est\u00e1 equipado con un directorio de &hellip;<\/p>\n<p class=\"read-more\"> <a class=\" thunk-readmore button \" href=\"https:\/\/ctsaul.com\/tienda\/producto\/telefono-d620-alcatel-inalambrico\/\"> <span class=\"screen-reader-text\">TELEFONO D620 ALCATEL INALAMBRICO<\/span>Leer m\u00e1s<\/a><\/p>\n","protected":false},"featured_media":1221,"comment_status":"open","ping_status":"closed","template":"","meta":[],"product_brand":[171],"product_cat":[169,167],"product_tag":[],"class_list":{"0":"post-1208","1":"product","2":"type-product","3":"status-publish","4":"has-post-thumbnail","6":"product_brand-alcatel","7":"product_cat-inalambricos","8":"product_cat-telefonos","9":"thunk-woo-product-list","10":"opn-qv-enable","11":"big-store-woo-hover-zoom","12":"open-single-product-tab-horizontal","13":"open-shadow-","14":"open-shadow-hover-","16":"first","17":"instock","18":"sale","19":"taxable","20":"shipping-taxable","21":"purchasable","22":"product-type-simple"},"_links":{"self":[{"href":"https:\/\/ctsaul.com\/tienda\/wp-json\/wp\/v2\/product\/1208","targetHints":{"allow":["GET"]}}],"collection":[{"href":"https:\/\/ctsaul.com\/tienda\/wp-json\/wp\/v2\/product"}],"about":[{"href":"https:\/\/ctsaul.com\/tienda\/wp-json\/wp\/v2\/types\/product"}],"replies":[{"embeddable":true,"href":"https:\/\/ctsaul.com\/tienda\/wp-json\/wp\/v2\/comments?post=1208"}],"wp:featuredmedia":[{"embeddable":true,"href":"https:\/\/ctsaul.com\/tienda\/wp-json\/wp\/v2\/media\/1221"}],"wp:attachment":[{"href":"https:\/\/ctsaul.com\/tienda\/wp-json\/wp\/v2\/media?parent=1208"}],"wp:term":[{"taxonomy":"product_brand","embeddable":true,"href":"https:\/\/ctsaul.com\/tienda\/wp-json\/wp\/v2\/product_brand?post=1208"},{"taxonomy":"product_cat","embeddable":true,"href":"https:\/\/ctsaul.com\/tienda\/wp-json\/wp\/v2\/product_cat?post=1208"},{"taxonomy":"product_tag","embeddable":true,"href":"https:\/\/ctsaul.com\/tienda\/wp-json\/wp\/v2\/product_tag?post=1208"}],"curies":[{"name":"wp","href":"https:\/\/api.w.org\/{rel}","templated":true}]}}