{"id":1113,"date":"2025-03-26T11:30:12","date_gmt":"2025-03-26T16:30:12","guid":{"rendered":"http:\/\/172.16.1.1\/tienda\/?post_type=product&#038;p=1113"},"modified":"2025-05-27T10:55:16","modified_gmt":"2025-05-27T15:55:16","slug":"eap115-access-point-tp-link","status":"publish","type":"product","link":"https:\/\/ctsaul.com\/tienda\/producto\/eap115-access-point-tp-link\/","title":{"rendered":"EAP115 ACCESS POINT TP-LINK"},"content":{"rendered":"<div class=\"box title\">\n<h1>Punto de acceso Wi-Fi 4 de montaje en techo N300\/300 Mbps<\/h1>\n<\/div>\n<div class=\"box highlights\">\n<ul>\n<li><strong>Integrado en Omada SDN<\/strong>: Zero-Touch Provisioning (ZTP) \u2021, Administraci\u00f3n centralizada de la nube y Monitorizaci\u00f3n\u00a0inteligente.<\/li>\n<li><strong>Gesti\u00f3n centralizada<\/strong>: acceso a la nube y aplicaci\u00f3n Omada para una mayor comodidad y f\u00e1cil gesti\u00f3n.<\/li>\n<li><strong>Soporte PoE<\/strong>: admite alimentaci\u00f3n a trav\u00e9s de Ethernet (802.3af \/ at) para una implementaci\u00f3n conveniente.<\/li>\n<li><strong>Instalaci\u00f3n f\u00e1cil<\/strong>: dise\u00f1o de montaje simple para una f\u00e1cil fijaci\u00f3n a una pared o techo.<\/li>\n<li><strong>Red segura para invitados<\/strong>: junto con m\u00faltiples opciones de autenticaci\u00f3n (SMS \/ Facebook Wi-Fi \/ Vale, etc.) y abundantes tecnolog\u00edas de seguridad inal\u00e1mbrica.<\/li>\n<li><strong>Equilibrio de carga<\/strong>: limite la cantidad de usuarios en cada punto de acceso y elimine los dispositivos con recepci\u00f3n d\u00e9bil para mantener su Wi-Fi funcionando al m\u00e1ximo rendimiento.<\/li>\n<li><strong>Programaci\u00f3n<\/strong>: reinicie autom\u00e1ticamente el punto de acceso y encienda o apague el Wi-Fi en el momento que establezca.<\/li>\n<\/ul>\n<\/div>\n","protected":false},"excerpt":{"rendered":"<p>Punto de acceso Wi-Fi 4 de montaje en techo N300\/300 Mbps Integrado en Omada SDN: Zero-Touch Provisioning (ZTP) \u2021, Administraci\u00f3n centralizada de la nube y Monitorizaci\u00f3n\u00a0inteligente. Gesti\u00f3n centralizada: acceso a la nube y aplicaci\u00f3n Omada para una mayor comodidad y f\u00e1cil gesti\u00f3n. Soporte PoE: admite alimentaci\u00f3n a trav\u00e9s de Ethernet (802.3af \/ at) para una &hellip;<\/p>\n<p class=\"read-more\"> <a class=\" thunk-readmore button \" href=\"https:\/\/ctsaul.com\/tienda\/producto\/eap115-access-point-tp-link\/\"> <span class=\"screen-reader-text\">EAP115 ACCESS POINT TP-LINK<\/span>Leer m\u00e1s<\/a><\/p>\n","protected":false},"featured_media":1115,"comment_status":"open","ping_status":"closed","template":"","meta":[],"product_brand":[124],"product_cat":[166,160],"product_tag":[],"class_list":{"0":"post-1113","1":"product","2":"type-product","3":"status-publish","4":"has-post-thumbnail","6":"product_brand-tp-link","7":"product_cat-access-point","8":"product_cat-redes","9":"thunk-woo-product-list","10":"opn-qv-enable","11":"big-store-woo-hover-zoom","12":"open-single-product-tab-horizontal","13":"open-shadow-","14":"open-shadow-hover-","16":"first","17":"instock","18":"sale","19":"taxable","20":"shipping-taxable","21":"purchasable","22":"product-type-simple"},"_links":{"self":[{"href":"https:\/\/ctsaul.com\/tienda\/wp-json\/wp\/v2\/product\/1113","targetHints":{"allow":["GET"]}}],"collection":[{"href":"https:\/\/ctsaul.com\/tienda\/wp-json\/wp\/v2\/product"}],"about":[{"href":"https:\/\/ctsaul.com\/tienda\/wp-json\/wp\/v2\/types\/product"}],"replies":[{"embeddable":true,"href":"https:\/\/ctsaul.com\/tienda\/wp-json\/wp\/v2\/comments?post=1113"}],"wp:featuredmedia":[{"embeddable":true,"href":"https:\/\/ctsaul.com\/tienda\/wp-json\/wp\/v2\/media\/1115"}],"wp:attachment":[{"href":"https:\/\/ctsaul.com\/tienda\/wp-json\/wp\/v2\/media?parent=1113"}],"wp:term":[{"taxonomy":"product_brand","embeddable":true,"href":"https:\/\/ctsaul.com\/tienda\/wp-json\/wp\/v2\/product_brand?post=1113"},{"taxonomy":"product_cat","embeddable":true,"href":"https:\/\/ctsaul.com\/tienda\/wp-json\/wp\/v2\/product_cat?post=1113"},{"taxonomy":"product_tag","embeddable":true,"href":"https:\/\/ctsaul.com\/tienda\/wp-json\/wp\/v2\/product_tag?post=1113"}],"curies":[{"name":"wp","href":"https:\/\/api.w.org\/{rel}","templated":true}]}}