{"id":1095,"date":"2025-03-25T16:01:44","date_gmt":"2025-03-25T21:01:44","guid":{"rendered":"http:\/\/172.16.1.1\/tienda\/?post_type=product&#038;p=1095"},"modified":"2025-05-27T14:13:25","modified_gmt":"2025-05-27T19:13:25","slug":"router-ac750-archer-c20-tp-link","status":"publish","type":"product","link":"https:\/\/ctsaul.com\/tienda\/producto\/router-ac750-archer-c20-tp-link\/","title":{"rendered":"ROUTER AC750 ARCHER C20 TP-LINK"},"content":{"rendered":"<div class=\"box title\">\n<div>\n<h3 class=\"product-name\">Archer C20<\/h3>\n<\/div>\n<h3>Router Inal\u00e1mbrico Banda Dual AC750<\/h3>\n<\/div>\n<div class=\"box highlights\">\n<ul>\n<li>Soporta est\u00e1ndar 802.11ac &#8211; pr\u00f3xima generaci\u00f3n de Wi-Fi<\/li>\n<li>Conexiones simult\u00e1neas de 2.4 GHz a\u00a0300 Mbps y 5 GHz 433Mbps para 733Mbps de banda ancha\u00a0total disponible<\/li>\n<li>3 antenas externas proporcionan una se\u00f1al onmidireccional estable y una cobertura inal\u00e1mbrica superior<\/li>\n<li>\n<h2>Banda Dual de 733Mbps<br \/>\nConexiones para Trabajo Sin Retrasos<\/h2>\n<p>Con velocidades inal\u00e1mbricas de 433Mbps a trav\u00e9s de la banda n\u00edtida de 5GHz y a trav\u00e9s de la banda de 2.4GHz, el Archer C20 le ofrece la flexibilidad de dos redes dedicadas y asegura un sorprendente desempe\u00f1o inal\u00e1mbrico. Las tareas simples como el env\u00edo de correos electr\u00f3nicos o la navegaci\u00f3n por internet pueden ser manejadas por la banda de 2.4GHz mientras que las tareas que requieren banda ancha intensa como los juegos en l\u00ednea o streaming de video en HD pueden ser procesadas por la banda de 5GHz &#8211; todas al mismo tiempo.<\/li>\n<\/ul>\n<\/div>\n","protected":false},"excerpt":{"rendered":"<p>Archer C20 Router Inal\u00e1mbrico Banda Dual AC750 Soporta est\u00e1ndar 802.11ac &#8211; pr\u00f3xima generaci\u00f3n de Wi-Fi Conexiones simult\u00e1neas de 2.4 GHz a\u00a0300 Mbps y 5 GHz 433Mbps para 733Mbps de banda ancha\u00a0total disponible 3 antenas externas proporcionan una se\u00f1al onmidireccional estable y una cobertura inal\u00e1mbrica superior Banda Dual de 733Mbps Conexiones para Trabajo Sin Retrasos Con &hellip;<\/p>\n<p class=\"read-more\"> <a class=\" thunk-readmore button \" href=\"https:\/\/ctsaul.com\/tienda\/producto\/router-ac750-archer-c20-tp-link\/\"> <span class=\"screen-reader-text\">ROUTER AC750 ARCHER C20 TP-LINK<\/span>Leer m\u00e1s<\/a><\/p>\n","protected":false},"featured_media":1096,"comment_status":"open","ping_status":"closed","template":"","meta":[],"product_brand":[124],"product_cat":[160,161],"product_tag":[],"class_list":{"0":"post-1095","1":"product","2":"type-product","3":"status-publish","4":"has-post-thumbnail","6":"product_brand-tp-link","7":"product_cat-redes","8":"product_cat-router","9":"thunk-woo-product-list","10":"opn-qv-enable","11":"big-store-woo-hover-zoom","12":"open-single-product-tab-horizontal","13":"open-shadow-","14":"open-shadow-hover-","16":"first","17":"instock","18":"sale","19":"taxable","20":"shipping-taxable","21":"purchasable","22":"product-type-simple"},"_links":{"self":[{"href":"https:\/\/ctsaul.com\/tienda\/wp-json\/wp\/v2\/product\/1095","targetHints":{"allow":["GET"]}}],"collection":[{"href":"https:\/\/ctsaul.com\/tienda\/wp-json\/wp\/v2\/product"}],"about":[{"href":"https:\/\/ctsaul.com\/tienda\/wp-json\/wp\/v2\/types\/product"}],"replies":[{"embeddable":true,"href":"https:\/\/ctsaul.com\/tienda\/wp-json\/wp\/v2\/comments?post=1095"}],"wp:featuredmedia":[{"embeddable":true,"href":"https:\/\/ctsaul.com\/tienda\/wp-json\/wp\/v2\/media\/1096"}],"wp:attachment":[{"href":"https:\/\/ctsaul.com\/tienda\/wp-json\/wp\/v2\/media?parent=1095"}],"wp:term":[{"taxonomy":"product_brand","embeddable":true,"href":"https:\/\/ctsaul.com\/tienda\/wp-json\/wp\/v2\/product_brand?post=1095"},{"taxonomy":"product_cat","embeddable":true,"href":"https:\/\/ctsaul.com\/tienda\/wp-json\/wp\/v2\/product_cat?post=1095"},{"taxonomy":"product_tag","embeddable":true,"href":"https:\/\/ctsaul.com\/tienda\/wp-json\/wp\/v2\/product_tag?post=1095"}],"curies":[{"name":"wp","href":"https:\/\/api.w.org\/{rel}","templated":true}]}}