{"id":1071,"date":"2025-03-21T11:32:44","date_gmt":"2025-03-21T16:32:44","guid":{"rendered":"http:\/\/172.16.1.1\/tienda\/?post_type=product&#038;p=1071"},"modified":"2025-05-27T14:19:01","modified_gmt":"2025-05-27T19:19:01","slug":"router-tl-wr840n-tp-link-300mbps","status":"publish","type":"product","link":"https:\/\/ctsaul.com\/tienda\/producto\/router-tl-wr840n-tp-link-300mbps\/","title":{"rendered":"ROUTER TL-WR840N TP-LINK 300MBPS"},"content":{"rendered":"<h2 class=\"ui-pdp-description__title\" data-testid=\"title\">Descripci\u00f3n<\/h2>\n<p class=\"ui-pdp-description__content\" data-testid=\"content\">El router inal\u00e1mbrico N TL-WR840N de 300 Mbps es un dispositivo combinado de conexi\u00f3n de red cableada e inal\u00e1mbrica dise\u00f1ado espec\u00edficamente para las necesidades de peque\u00f1as empresas o hogares. El TL-WR840N tiene un rendimiento inal\u00e1mbrico excepcional, lo que lo hace ideal para la transmisi\u00f3n de v\u00eddeo HD, VoIP y juegos en l\u00ednea. Adem\u00e1s, el bot\u00f3n WPS (configuraci\u00f3n protegida de Wi-Fi) garantiza el cifrado WPA2, lo que evita que la red sufra intrusiones externas.<\/p>\n<p>Conectividad<br \/>\n&#8211; Conexi\u00f3n inal\u00e1mbrica AC S\u00ed<\/p>\n<p>Contenido del paquete<br \/>\n&#8211; Cables de red Ethernet<br \/>\n&#8211; Gu\u00eda de instalaci\u00f3n r\u00e1pida<br \/>\n&#8211; 1 router<\/p>\n<p>Especificaciones t\u00e9cnicas<br \/>\n&#8211; Antena 2<br \/>\n&#8211; Bot\u00f3n de reinicio S\u00ed<br \/>\n&#8211; Bot\u00f3n WPS S\u00ed<br \/>\n&#8211; Fuente de alimentaci\u00f3n S\u00ed<br \/>\n&#8211; Frecuencia 2,4 GHZ<\/p>\n<p>Red<br \/>\n&#8211; Velocidad Wi-Fi 300 MBPS<\/p>\n","protected":false},"excerpt":{"rendered":"<p>Descripci\u00f3n El router inal\u00e1mbrico N TL-WR840N de 300 Mbps es un dispositivo combinado de conexi\u00f3n de red cableada e inal\u00e1mbrica dise\u00f1ado espec\u00edficamente para las necesidades de peque\u00f1as empresas o hogares. El TL-WR840N tiene un rendimiento inal\u00e1mbrico excepcional, lo que lo hace ideal para la transmisi\u00f3n de v\u00eddeo HD, VoIP y juegos en l\u00ednea. Adem\u00e1s, el &hellip;<\/p>\n<p class=\"read-more\"> <a class=\" thunk-readmore button \" href=\"https:\/\/ctsaul.com\/tienda\/producto\/router-tl-wr840n-tp-link-300mbps\/\"> <span class=\"screen-reader-text\">ROUTER TL-WR840N TP-LINK 300MBPS<\/span>Leer m\u00e1s<\/a><\/p>\n","protected":false},"featured_media":1072,"comment_status":"open","ping_status":"closed","template":"","meta":[],"product_brand":[124],"product_cat":[160,161],"product_tag":[],"class_list":{"0":"post-1071","1":"product","2":"type-product","3":"status-publish","4":"has-post-thumbnail","6":"product_brand-tp-link","7":"product_cat-redes","8":"product_cat-router","9":"thunk-woo-product-list","10":"opn-qv-enable","11":"big-store-woo-hover-zoom","12":"open-single-product-tab-horizontal","13":"open-shadow-","14":"open-shadow-hover-","16":"first","17":"instock","18":"sale","19":"taxable","20":"shipping-taxable","21":"purchasable","22":"product-type-simple"},"_links":{"self":[{"href":"https:\/\/ctsaul.com\/tienda\/wp-json\/wp\/v2\/product\/1071","targetHints":{"allow":["GET"]}}],"collection":[{"href":"https:\/\/ctsaul.com\/tienda\/wp-json\/wp\/v2\/product"}],"about":[{"href":"https:\/\/ctsaul.com\/tienda\/wp-json\/wp\/v2\/types\/product"}],"replies":[{"embeddable":true,"href":"https:\/\/ctsaul.com\/tienda\/wp-json\/wp\/v2\/comments?post=1071"}],"wp:featuredmedia":[{"embeddable":true,"href":"https:\/\/ctsaul.com\/tienda\/wp-json\/wp\/v2\/media\/1072"}],"wp:attachment":[{"href":"https:\/\/ctsaul.com\/tienda\/wp-json\/wp\/v2\/media?parent=1071"}],"wp:term":[{"taxonomy":"product_brand","embeddable":true,"href":"https:\/\/ctsaul.com\/tienda\/wp-json\/wp\/v2\/product_brand?post=1071"},{"taxonomy":"product_cat","embeddable":true,"href":"https:\/\/ctsaul.com\/tienda\/wp-json\/wp\/v2\/product_cat?post=1071"},{"taxonomy":"product_tag","embeddable":true,"href":"https:\/\/ctsaul.com\/tienda\/wp-json\/wp\/v2\/product_tag?post=1071"}],"curies":[{"name":"wp","href":"https:\/\/api.w.org\/{rel}","templated":true}]}}