{"id":1241,"date":"2025-04-07T07:00:20","date_gmt":"2025-04-07T12:00:20","guid":{"rendered":"http:\/\/ctsaul.com\/tienda\/?page_id=1241"},"modified":"2025-04-19T14:39:08","modified_gmt":"2025-04-19T19:39:08","slug":"como-comprar","status":"publish","type":"page","link":"https:\/\/ctsaul.com\/tienda\/como-comprar\/","title":{"rendered":"Como comprar"},"content":{"rendered":"\n<div class=\"wp-block-media-text has-media-on-the-right is-stacked-on-mobile is-vertically-aligned-center\" style=\"grid-template-columns:auto 30%\"><div class=\"wp-block-media-text__content\">\n<p>Explora nuestra variedad de productos y a\u00f1ade los que m\u00e1s te gusten al carrito. \u00a1Haz tus compras de manera r\u00e1pida y f\u00e1cil!<\/p>\n<\/div><figure class=\"wp-block-media-text__media\"><img loading=\"lazy\" decoding=\"async\" width=\"300\" height=\"300\" src=\"https:\/\/ctsaul.com\/tienda\/wp-content\/uploads\/2025\/04\/0c7910fa-5a2d-4987-99ec-fcafed119c90-300x300.jpeg\" alt=\"\" class=\"wp-image-1244 size-medium\" srcset=\"https:\/\/ctsaul.com\/tienda\/wp-content\/uploads\/2025\/04\/0c7910fa-5a2d-4987-99ec-fcafed119c90-300x300.jpeg 300w, https:\/\/ctsaul.com\/tienda\/wp-content\/uploads\/2025\/04\/0c7910fa-5a2d-4987-99ec-fcafed119c90-320x320.jpeg 320w, https:\/\/ctsaul.com\/tienda\/wp-content\/uploads\/2025\/04\/0c7910fa-5a2d-4987-99ec-fcafed119c90-100x100.jpeg 100w, https:\/\/ctsaul.com\/tienda\/wp-content\/uploads\/2025\/04\/0c7910fa-5a2d-4987-99ec-fcafed119c90-600x600.jpeg 600w, https:\/\/ctsaul.com\/tienda\/wp-content\/uploads\/2025\/04\/0c7910fa-5a2d-4987-99ec-fcafed119c90-150x150.jpeg 150w, https:\/\/ctsaul.com\/tienda\/wp-content\/uploads\/2025\/04\/0c7910fa-5a2d-4987-99ec-fcafed119c90-768x768.jpeg 768w, https:\/\/ctsaul.com\/tienda\/wp-content\/uploads\/2025\/04\/0c7910fa-5a2d-4987-99ec-fcafed119c90-48x48.jpeg 48w, https:\/\/ctsaul.com\/tienda\/wp-content\/uploads\/2025\/04\/0c7910fa-5a2d-4987-99ec-fcafed119c90.jpeg 1024w\" sizes=\"auto, (max-width: 300px) 100vw, 300px\" \/><\/figure><\/div>\n\n\n\n<p><\/p>\n\n\n\n<div class=\"wp-block-media-text has-media-on-the-right is-stacked-on-mobile\" style=\"grid-template-columns:auto 30%\"><div class=\"wp-block-media-text__content\">\n<p>Confirma los productos en tu pedido y aseg\u00farate de que todo est\u00e9 en orden antes de completar tu compra.<\/p>\n<\/div><figure class=\"wp-block-media-text__media\"><img loading=\"lazy\" decoding=\"async\" width=\"300\" height=\"300\" src=\"https:\/\/ctsaul.com\/tienda\/wp-content\/uploads\/2025\/04\/c56e7843-12dc-4e01-8b52-15fb716efb27-300x300.jpeg\" alt=\"\" class=\"wp-image-1246 size-medium\" srcset=\"https:\/\/ctsaul.com\/tienda\/wp-content\/uploads\/2025\/04\/c56e7843-12dc-4e01-8b52-15fb716efb27-300x300.jpeg 300w, https:\/\/ctsaul.com\/tienda\/wp-content\/uploads\/2025\/04\/c56e7843-12dc-4e01-8b52-15fb716efb27-320x320.jpeg 320w, https:\/\/ctsaul.com\/tienda\/wp-content\/uploads\/2025\/04\/c56e7843-12dc-4e01-8b52-15fb716efb27-100x100.jpeg 100w, https:\/\/ctsaul.com\/tienda\/wp-content\/uploads\/2025\/04\/c56e7843-12dc-4e01-8b52-15fb716efb27-600x600.jpeg 600w, https:\/\/ctsaul.com\/tienda\/wp-content\/uploads\/2025\/04\/c56e7843-12dc-4e01-8b52-15fb716efb27-150x150.jpeg 150w, https:\/\/ctsaul.com\/tienda\/wp-content\/uploads\/2025\/04\/c56e7843-12dc-4e01-8b52-15fb716efb27-768x768.jpeg 768w, https:\/\/ctsaul.com\/tienda\/wp-content\/uploads\/2025\/04\/c56e7843-12dc-4e01-8b52-15fb716efb27-48x48.jpeg 48w, https:\/\/ctsaul.com\/tienda\/wp-content\/uploads\/2025\/04\/c56e7843-12dc-4e01-8b52-15fb716efb27.jpeg 1024w\" sizes=\"auto, (max-width: 300px) 100vw, 300px\" \/><\/figure><\/div>\n\n\n\n<p><\/p>\n\n\n\n<div class=\"wp-block-media-text has-media-on-the-right is-stacked-on-mobile\" style=\"grid-template-columns:auto 30%\"><div class=\"wp-block-media-text__content\">\n<p>Ingresa tus datos personales para continuar con el proceso de compra de manera segura y r\u00e1pida.<\/p>\n<\/div><figure class=\"wp-block-media-text__media\"><img loading=\"lazy\" decoding=\"async\" width=\"300\" height=\"300\" src=\"https:\/\/ctsaul.com\/tienda\/wp-content\/uploads\/2025\/04\/a13be4e3-d296-4ab4-a260-f62f16d3f941-300x300.jpeg\" alt=\"\" class=\"wp-image-1247 size-medium\" srcset=\"https:\/\/ctsaul.com\/tienda\/wp-content\/uploads\/2025\/04\/a13be4e3-d296-4ab4-a260-f62f16d3f941-300x300.jpeg 300w, https:\/\/ctsaul.com\/tienda\/wp-content\/uploads\/2025\/04\/a13be4e3-d296-4ab4-a260-f62f16d3f941-320x320.jpeg 320w, https:\/\/ctsaul.com\/tienda\/wp-content\/uploads\/2025\/04\/a13be4e3-d296-4ab4-a260-f62f16d3f941-100x100.jpeg 100w, https:\/\/ctsaul.com\/tienda\/wp-content\/uploads\/2025\/04\/a13be4e3-d296-4ab4-a260-f62f16d3f941-600x600.jpeg 600w, https:\/\/ctsaul.com\/tienda\/wp-content\/uploads\/2025\/04\/a13be4e3-d296-4ab4-a260-f62f16d3f941-150x150.jpeg 150w, https:\/\/ctsaul.com\/tienda\/wp-content\/uploads\/2025\/04\/a13be4e3-d296-4ab4-a260-f62f16d3f941-768x768.jpeg 768w, https:\/\/ctsaul.com\/tienda\/wp-content\/uploads\/2025\/04\/a13be4e3-d296-4ab4-a260-f62f16d3f941-48x48.jpeg 48w, https:\/\/ctsaul.com\/tienda\/wp-content\/uploads\/2025\/04\/a13be4e3-d296-4ab4-a260-f62f16d3f941.jpeg 1024w\" sizes=\"auto, (max-width: 300px) 100vw, 300px\" \/><\/figure><\/div>\n\n\n\n<p><\/p>\n\n\n\n<div class=\"wp-block-media-text has-media-on-the-right is-stacked-on-mobile\" style=\"grid-template-columns:auto 30%\"><div class=\"wp-block-media-text__content\">\n<p>Completa tu compra y confirma tu pedido en un solo clic. \u00a1Est\u00e1s a un paso de recibirlo!<\/p>\n<\/div><figure class=\"wp-block-media-text__media\"><img loading=\"lazy\" decoding=\"async\" width=\"300\" height=\"300\" src=\"https:\/\/ctsaul.com\/tienda\/wp-content\/uploads\/2025\/04\/9c97fd3e-1c92-4965-b989-ab10e77300b6-300x300.jpeg\" alt=\"\" class=\"wp-image-1248 size-medium\" srcset=\"https:\/\/ctsaul.com\/tienda\/wp-content\/uploads\/2025\/04\/9c97fd3e-1c92-4965-b989-ab10e77300b6-300x300.jpeg 300w, https:\/\/ctsaul.com\/tienda\/wp-content\/uploads\/2025\/04\/9c97fd3e-1c92-4965-b989-ab10e77300b6-320x320.jpeg 320w, https:\/\/ctsaul.com\/tienda\/wp-content\/uploads\/2025\/04\/9c97fd3e-1c92-4965-b989-ab10e77300b6-100x100.jpeg 100w, https:\/\/ctsaul.com\/tienda\/wp-content\/uploads\/2025\/04\/9c97fd3e-1c92-4965-b989-ab10e77300b6-600x600.jpeg 600w, https:\/\/ctsaul.com\/tienda\/wp-content\/uploads\/2025\/04\/9c97fd3e-1c92-4965-b989-ab10e77300b6-150x150.jpeg 150w, https:\/\/ctsaul.com\/tienda\/wp-content\/uploads\/2025\/04\/9c97fd3e-1c92-4965-b989-ab10e77300b6-768x768.jpeg 768w, https:\/\/ctsaul.com\/tienda\/wp-content\/uploads\/2025\/04\/9c97fd3e-1c92-4965-b989-ab10e77300b6-48x48.jpeg 48w, https:\/\/ctsaul.com\/tienda\/wp-content\/uploads\/2025\/04\/9c97fd3e-1c92-4965-b989-ab10e77300b6.jpeg 1024w\" sizes=\"auto, (max-width: 300px) 100vw, 300px\" \/><\/figure><\/div>\n","protected":false},"excerpt":{"rendered":"<p>Explora nuestra variedad de productos y a\u00f1ade los que m\u00e1s te gusten al carrito. \u00a1Haz tus compras de manera r\u00e1pida y f\u00e1cil! Confirma los productos en tu pedido y aseg\u00farate de que todo est\u00e9 en orden antes de completar tu compra. Ingresa tus datos personales para continuar con el proceso de compra de manera segura &hellip;<\/p>\n<p class=\"read-more\"> <a class=\" thunk-readmore button \" href=\"https:\/\/ctsaul.com\/tienda\/como-comprar\/\"> <span class=\"screen-reader-text\">Como comprar<\/span>Leer m\u00e1s<\/a><\/p>\n","protected":false},"author":1,"featured_media":0,"parent":0,"menu_order":0,"comment_status":"closed","ping_status":"closed","template":"","meta":{"footnotes":""},"class_list":["post-1241","page","type-page","status-publish","hentry","thunk-woo-product-list","opn-qv-enable","big-store-woo-hover-zoom","open-single-product-tab-horizontal","open-shadow-","open-shadow-hover-"],"_links":{"self":[{"href":"https:\/\/ctsaul.com\/tienda\/wp-json\/wp\/v2\/pages\/1241","targetHints":{"allow":["GET"]}}],"collection":[{"href":"https:\/\/ctsaul.com\/tienda\/wp-json\/wp\/v2\/pages"}],"about":[{"href":"https:\/\/ctsaul.com\/tienda\/wp-json\/wp\/v2\/types\/page"}],"author":[{"embeddable":true,"href":"https:\/\/ctsaul.com\/tienda\/wp-json\/wp\/v2\/users\/1"}],"replies":[{"embeddable":true,"href":"https:\/\/ctsaul.com\/tienda\/wp-json\/wp\/v2\/comments?post=1241"}],"version-history":[{"count":0,"href":"https:\/\/ctsaul.com\/tienda\/wp-json\/wp\/v2\/pages\/1241\/revisions"}],"wp:attachment":[{"href":"https:\/\/ctsaul.com\/tienda\/wp-json\/wp\/v2\/media?parent=1241"}],"curies":[{"name":"wp","href":"https:\/\/api.w.org\/{rel}","templated":true}]}}