{"id":1170,"date":"2025-03-27T14:08:43","date_gmt":"2025-03-27T19:08:43","guid":{"rendered":"http:\/\/172.16.1.1\/tienda\/?page_id=1170"},"modified":"2025-04-15T13:23:56","modified_gmt":"2025-04-15T18:23:56","slug":"condiciones-y-terminos","status":"publish","type":"page","link":"https:\/\/ctsaul.com\/tienda\/condiciones-y-terminos\/","title":{"rendered":"Condiciones y t\u00e9rminos"},"content":{"rendered":"\n<p>En caso producto tenga defectos de fabricaci\u00f3n o mal funcionamiento bajo condiciones normales de uso aplica garant\u00eda.<br>Para aplicar la garant\u00eda el producto debe estar en perfectas condiciones con su empaque original y sus accesorios.<\/p>\n\n\n\n<ol class=\"wp-block-list\">\n<li>Los productos de las siguientes marcas:<br>Epson: Bogota 601-6024751 o 01-8000-915235<br>TP-LINK: 01 8000 113 646<br>Hewlett Packard: 01-800-519-1293<br>La garant\u00eda es directa con el fabricante llamando anteriores n\u00fameros mencionados.<\/li>\n\n\n\n<li>Los productos que no sean de las marcas mencionadas anteriormente aplican garant\u00eda directamente con nosotros puedes comunicarte al siguiente whatsApp: 3006241757.<\/li>\n\n\n\n<li>Cada producto tiene un tiempo de garant\u00eda asignado que se indica en la factura en caso necesite con anterioridad puedes comunicarte al siguiente whatsApp: 3006241757.<\/li>\n\n\n\n<li>Recomendamos nuestro cliente revisar el producto al momento de recibirlo en caso que venga da\u00f1o f\u00edsico o incompleto favor informarlo al siguiente whatsApp: 3006241757 en un t\u00e9rmino de 24 horas<br><\/li>\n<\/ol>\n\n\n\n<p class=\"has-medium-font-size\"><strong>Tiempo de entrega garant\u00eda<\/strong><\/p>\n\n\n\n<p>Una vez recibido el producto por garant\u00eda se pasa al laboratorio para su respectiva revisi\u00f3n tiene una duraci\u00f3n de 15 DIAS HABILES.<\/p>\n\n\n\n<p><\/p>\n","protected":false},"excerpt":{"rendered":"<p>En caso producto tenga defectos de fabricaci\u00f3n o mal funcionamiento bajo condiciones normales de uso aplica garant\u00eda.Para aplicar la garant\u00eda el producto debe estar en perfectas condiciones con su empaque original y sus accesorios. Tiempo de entrega garant\u00eda Una vez recibido el producto por garant\u00eda se pasa al laboratorio para su respectiva revisi\u00f3n tiene una &hellip;<\/p>\n<p class=\"read-more\"> <a class=\" thunk-readmore button \" href=\"https:\/\/ctsaul.com\/tienda\/condiciones-y-terminos\/\"> <span class=\"screen-reader-text\">Condiciones y t\u00e9rminos<\/span>Leer m\u00e1s<\/a><\/p>\n","protected":false},"author":1,"featured_media":0,"parent":0,"menu_order":0,"comment_status":"closed","ping_status":"closed","template":"","meta":{"footnotes":""},"class_list":["post-1170","page","type-page","status-publish","hentry","thunk-woo-product-list","opn-qv-enable","big-store-woo-hover-zoom","open-single-product-tab-horizontal","open-shadow-","open-shadow-hover-"],"_links":{"self":[{"href":"https:\/\/ctsaul.com\/tienda\/wp-json\/wp\/v2\/pages\/1170","targetHints":{"allow":["GET"]}}],"collection":[{"href":"https:\/\/ctsaul.com\/tienda\/wp-json\/wp\/v2\/pages"}],"about":[{"href":"https:\/\/ctsaul.com\/tienda\/wp-json\/wp\/v2\/types\/page"}],"author":[{"embeddable":true,"href":"https:\/\/ctsaul.com\/tienda\/wp-json\/wp\/v2\/users\/1"}],"replies":[{"embeddable":true,"href":"https:\/\/ctsaul.com\/tienda\/wp-json\/wp\/v2\/comments?post=1170"}],"version-history":[{"count":0,"href":"https:\/\/ctsaul.com\/tienda\/wp-json\/wp\/v2\/pages\/1170\/revisions"}],"wp:attachment":[{"href":"https:\/\/ctsaul.com\/tienda\/wp-json\/wp\/v2\/media?parent=1170"}],"curies":[{"name":"wp","href":"https:\/\/api.w.org\/{rel}","templated":true}]}}